{"id":52598,"date":"2025-09-01T13:07:17","date_gmt":"2025-09-01T11:07:17","guid":{"rendered":"http:\/\/sp1slupsk.pl\/?page_id=52598"},"modified":"2026-04-09T18:02:23","modified_gmt":"2026-04-09T16:02:23","slug":"swietlica-nowa","status":"publish","type":"page","link":"https:\/\/sp1slupsk.pl\/?page_id=52598","title":{"rendered":"\u015awietlica szkolna"},"content":{"rendered":"\n<p class=\"has-text-align-center\"><strong><em>\u015awietlica szkolna czynna jest<br>od poniedzia\u0142ku do pi\u0105tku<br>od godziny 6.30 do godziny 16.30<\/em><\/strong><\/p>\n\n\n\n<div class=\"wp-block-file\"><a href=\"http:\/\/sp1slupsk.pl\/wp-content\/uploads\/2023\/09\/regulamin-swietlicy-szkolnej-w-Szkole-Podstawowej-nr-1-w-Slupsku.pdf\"><em><span class=\"has-inline-color has-black-color\">Regulamin \u015bwietlicy szkolnej w Szkole Podstawowej nr 1 im. Henryka Sienkiewicza w S\u0142upsku<\/span><\/em><\/a><\/div>\n\n\n\n<div class=\"wp-block-file\"><a href=\"https:\/\/sp1slupsk.pl\/wp-content\/uploads\/2024\/06\/WYPRAWKA-DO-SWIETLICY-do-druku.pdf\"><strong><em><span class=\"has-inline-color has-black-color\">WYPRAWKA DO \u015aWIETLICY<\/span><\/em><\/strong><\/a><\/div>\n","protected":false},"excerpt":{"rendered":"<p>\u015awietlica szkolna czynna jestod poniedzia\u0142ku do pi\u0105tkuod godziny 6.30 do godziny 16.30<\/p>\n","protected":false},"author":1,"featured_media":0,"parent":0,"menu_order":0,"comment_status":"closed","ping_status":"closed","template":"","meta":[],"_links":{"self":[{"href":"https:\/\/sp1slupsk.pl\/index.php?rest_route=\/wp\/v2\/pages\/52598"}],"collection":[{"href":"https:\/\/sp1slupsk.pl\/index.php?rest_route=\/wp\/v2\/pages"}],"about":[{"href":"https:\/\/sp1slupsk.pl\/index.php?rest_route=\/wp\/v2\/types\/page"}],"author":[{"embeddable":true,"href":"https:\/\/sp1slupsk.pl\/index.php?rest_route=\/wp\/v2\/users\/1"}],"replies":[{"embeddable":true,"href":"https:\/\/sp1slupsk.pl\/index.php?rest_route=%2Fwp%2Fv2%2Fcomments&post=52598"}],"version-history":[{"count":367,"href":"https:\/\/sp1slupsk.pl\/index.php?rest_route=\/wp\/v2\/pages\/52598\/revisions"}],"predecessor-version":[{"id":91062,"href":"https:\/\/sp1slupsk.pl\/index.php?rest_route=\/wp\/v2\/pages\/52598\/revisions\/91062"}],"wp:attachment":[{"href":"https:\/\/sp1slupsk.pl\/index.php?rest_route=%2Fwp%2Fv2%2Fmedia&parent=52598"}],"curies":[{"name":"wp","href":"https:\/\/api.w.org\/{rel}","templated":true}]}}