{"id":55633,"date":"2025-09-01T12:23:23","date_gmt":"2025-09-01T10:23:23","guid":{"rendered":"http:\/\/sp1slupsk.pl\/?page_id=55633"},"modified":"2026-04-09T18:05:44","modified_gmt":"2026-04-09T16:05:44","slug":"rodo","status":"publish","type":"page","link":"https:\/\/sp1slupsk.pl\/?page_id=55633","title":{"rendered":"RODO"},"content":{"rendered":"\n<div class=\"wp-block-file\"><a href=\"http:\/\/sp1slupsk.pl\/wp-content\/uploads\/2022\/09\/Klauzula-informacyjna-RODO.pdf\"><span class=\"has-inline-color has-black-color\">Klauzula informacyjna RODO<\/span><\/a><\/div>\n\n\n\n<div class=\"wp-block-file\"><a href=\"https:\/\/sp1slupsk.pl\/wp-content\/uploads\/2026\/01\/Klauzula-informacyjna-o-przetwarzaniu-danych-w-szkole.pdf\"><span class=\"has-inline-color has-black-color\">Klauzula informacyjna o przetwarzaniu danych w szkole<\/span><\/a><\/div>\n\n\n\n<div class=\"wp-block-file\"><a href=\"https:\/\/sp1slupsk.pl\/wp-content\/uploads\/2026\/01\/Klauzula-informacyjna-dla-rodzicow1.pdf\"><span class=\"has-inline-color has-black-color\">Klauzula informacyjna dla rodzic\u00f3w<\/span><\/a><\/div>\n\n\n\n<div class=\"wp-block-file\"><a href=\"http:\/\/sp1slupsk.pl\/wp-content\/uploads\/2026\/01\/Klauzula-informacyjna-dla-rodzicow-i-prawnych-opiekunow-uczniow.pdf\"><span class=\"has-inline-color has-black-color\">Klauzula informacyjna dla rodzic\u00f3w i prawnych opiekun\u00f3w uczni\u00f3w<\/span><\/a><\/div>\n","protected":false},"excerpt":{"rendered":"","protected":false},"author":1,"featured_media":0,"parent":0,"menu_order":0,"comment_status":"closed","ping_status":"closed","template":"","meta":[],"_links":{"self":[{"href":"https:\/\/sp1slupsk.pl\/index.php?rest_route=\/wp\/v2\/pages\/55633"}],"collection":[{"href":"https:\/\/sp1slupsk.pl\/index.php?rest_route=\/wp\/v2\/pages"}],"about":[{"href":"https:\/\/sp1slupsk.pl\/index.php?rest_route=\/wp\/v2\/types\/page"}],"author":[{"embeddable":true,"href":"https:\/\/sp1slupsk.pl\/index.php?rest_route=\/wp\/v2\/users\/1"}],"replies":[{"embeddable":true,"href":"https:\/\/sp1slupsk.pl\/index.php?rest_route=%2Fwp%2Fv2%2Fcomments&post=55633"}],"version-history":[{"count":15,"href":"https:\/\/sp1slupsk.pl\/index.php?rest_route=\/wp\/v2\/pages\/55633\/revisions"}],"predecessor-version":[{"id":90559,"href":"https:\/\/sp1slupsk.pl\/index.php?rest_route=\/wp\/v2\/pages\/55633\/revisions\/90559"}],"wp:attachment":[{"href":"https:\/\/sp1slupsk.pl\/index.php?rest_route=%2Fwp%2Fv2%2Fmedia&parent=55633"}],"curies":[{"name":"wp","href":"https:\/\/api.w.org\/{rel}","templated":true}]}}