{"id":72225,"date":"2025-09-01T20:25:00","date_gmt":"2025-09-01T18:25:00","guid":{"rendered":"http:\/\/sp1slupsk.pl\/?page_id=72225"},"modified":"2026-04-12T16:18:13","modified_gmt":"2026-04-12T14:18:13","slug":"projekty-2","status":"publish","type":"page","link":"https:\/\/sp1slupsk.pl\/?page_id=72225","title":{"rendered":"Projekty"},"content":{"rendered":"\n<p><a href=\"http:\/\/sp1slupsk.pl\/?page_id=52997\" data-type=\"page\" data-id=\"52997\"><span class=\"has-inline-color has-black-color\">eTwinning &#8211; Europa w naszej klasie<\/span><\/a><\/p>\n\n\n\n<p><a href=\"http:\/\/sp1slupsk.pl\/?page_id=79790(otworzy si\u0119 w nowej karcie)\" data-type=\"URL\" data-id=\"http:\/\/sp1slupsk.pl\/?page_id=79790(otworzy si\u0119 w nowej karcie)\"><span class=\"has-inline-color has-black-color\">Pomorski Program Edukacji Morskiej<\/span><\/a><\/p>\n\n\n\n<p><a href=\"https:\/\/sp1slupsk.pl\/?page_id=89526\" data-type=\"URL\" data-id=\"https:\/\/sp1slupsk.pl\/?page_id=89526\"><span class=\"has-inline-color has-black-color\">\u201eSmart Math- m\u0105dre decyzje w \u015bwiecie finans\u00f3w &#8211; dofinasowany przez Fundacj\u0119 mBanku&#8221;<\/span><\/a><\/p>\n\n\n\n<p><a href=\"https:\/\/sp1slupsk.pl\/?page_id=86833\" data-type=\"URL\" data-id=\"https:\/\/sp1slupsk.pl\/?page_id=86833\"><span class=\"has-inline-color has-black-color\">Projekt \u201eBaltic Math: Matematyczne odkrywanie Morza Ba\u0142tyckiego\u201d &#8211; dofinansowany przez Fundacj\u0119 mBanku<\/span><\/a><\/p>\n\n\n\n<p><a href=\"https:\/\/sp1slupsk.pl\/?page_id=85825\" data-type=\"URL\" data-id=\"https:\/\/sp1slupsk.pl\/?page_id=85825\"><span class=\"has-inline-color has-black-color\">Projekt &#8222;Z geometri\u0105 w mie\u015bcie&#8221; &#8211; projekt dofinasowany przez Fundacj\u0119 mBank<\/span><\/a><\/p>\n\n\n\n<p><a href=\"https:\/\/sp1slupsk.pl\/?page_id=83264\" data-type=\"URL\" data-id=\"https:\/\/sp1slupsk.pl\/?page_id=83264\"><span class=\"has-inline-color has-black-color\">Projekt &#8222;Matematyczna ptasia sto\u0142\u00f3wka&#8221; &#8211; dotacja m Fundacji Matematyka na zielono<\/span><\/a><\/p>\n\n\n\n<p><a href=\"http:\/\/sp1slupsk.pl\/?page_id=78967\" data-type=\"URL\" data-id=\"http:\/\/sp1slupsk.pl\/?page_id=78967\"><span class=\"has-inline-color has-black-color\">Projekt &#8222;Matematyczne przygody na morzach Europy &#8211; &nbsp;fundacja mBank&#8221;<\/span><\/a><\/p>\n\n\n\n<p><a href=\"http:\/\/sp1slupsk.pl\/?page_id=72009\"><span class=\"has-inline-color has-black-color\">Projekt &#8222;Matematyczny wehiku\u0142 czasu fundacja mBank&#8221; &#8211; projekt dofinansowany przez Fundacj\u0119 mBanku<\/span><\/a><\/p>\n\n\n\n<p><a href=\"http:\/\/sp1slupsk.pl\/?page_id=75271\" data-type=\"URL\" data-id=\"http:\/\/sp1slupsk.pl\/?page_id=75271\"><span class=\"has-inline-color has-black-color\">Projekt &#8222;Matematyczny remont fundacja mBANK&#8221; &#8211; projekt dofinansowany przez Fundacj\u0119 mBanku<\/span><\/a><\/p>\n\n\n\n<p><a href=\"http:\/\/sp1slupsk.pl\/?page_id=76784\"><span class=\"has-inline-color has-black-color\">Narodowy Program Rozwoju Czytelnictwa<\/span><\/a><\/p>\n","protected":false},"excerpt":{"rendered":"<p>eTwinning &#8211; Europa w naszej klasie Pomorski Program Edukacji Morskiej \u201eSmart Math- m\u0105dre decyzje w \u015bwiecie finans\u00f3w &#8211; dofinasowany przez Fundacj\u0119 mBanku&#8221; Projekt \u201eBaltic Math: Matematyczne odkrywanie Morza Ba\u0142tyckiego\u201d &#8211; dofinansowany przez Fundacj\u0119 mBanku Projekt &#8222;Z geometri\u0105 w mie\u015bcie&#8221; &#8211; projekt dofinasowany przez Fundacj\u0119 mBank Projekt &#8222;Matematyczna ptasia sto\u0142\u00f3wka&#8221; &#8211; dotacja m Fundacji Matematyka na <a href=\"https:\/\/sp1slupsk.pl\/?page_id=72225\"><b>&#8230;wi\u0119cej<\/b><\/a><\/p>\n","protected":false},"author":1,"featured_media":0,"parent":0,"menu_order":0,"comment_status":"closed","ping_status":"closed","template":"","meta":[],"_links":{"self":[{"href":"https:\/\/sp1slupsk.pl\/index.php?rest_route=\/wp\/v2\/pages\/72225"}],"collection":[{"href":"https:\/\/sp1slupsk.pl\/index.php?rest_route=\/wp\/v2\/pages"}],"about":[{"href":"https:\/\/sp1slupsk.pl\/index.php?rest_route=\/wp\/v2\/types\/page"}],"author":[{"embeddable":true,"href":"https:\/\/sp1slupsk.pl\/index.php?rest_route=\/wp\/v2\/users\/1"}],"replies":[{"embeddable":true,"href":"https:\/\/sp1slupsk.pl\/index.php?rest_route=%2Fwp%2Fv2%2Fcomments&post=72225"}],"version-history":[{"count":41,"href":"https:\/\/sp1slupsk.pl\/index.php?rest_route=\/wp\/v2\/pages\/72225\/revisions"}],"predecessor-version":[{"id":91147,"href":"https:\/\/sp1slupsk.pl\/index.php?rest_route=\/wp\/v2\/pages\/72225\/revisions\/91147"}],"wp:attachment":[{"href":"https:\/\/sp1slupsk.pl\/index.php?rest_route=%2Fwp%2Fv2%2Fmedia&parent=72225"}],"curies":[{"name":"wp","href":"https:\/\/api.w.org\/{rel}","templated":true}]}}