{"id":73760,"date":"2021-09-18T15:05:47","date_gmt":"2021-09-18T13:05:47","guid":{"rendered":"http:\/\/sp1slupsk.pl\/?page_id=73760"},"modified":"2025-09-08T21:02:38","modified_gmt":"2025-09-08T19:02:38","slug":"ocenianie-wewnatrzszkolne","status":"publish","type":"page","link":"https:\/\/sp1slupsk.pl\/?page_id=73760","title":{"rendered":"Ocenianie wewn\u0105trzszkolne"},"content":{"rendered":"\n<div class=\"wp-block-file\"><a href=\"http:\/\/sp1slupsk.pl\/wp-content\/uploads\/2024\/06\/Zalacznik-nr-1-Ocenianie-wewnatrzszkolne-Szkoly-Podstawowej-nr-1-im.-H.-Sienkiewicza-w-Slupsku.pdf\"><span class=\"has-inline-color has-black-color\">Ocenianie wewn\u0105trzszkolne Szko\u0142y Podstawowej nr 1 im. Henryka Sienkiewicza w S\u0142upsku<\/span><\/a><\/div>\n\n\n\n<div class=\"wp-block-file\"><a href=\"http:\/\/sp1slupsk.pl\/wp-content\/uploads\/2022\/09\/ZALACZNIK-NR-1-Kryteria-oceny-biezacej-zajec-edukacyjnych-w-klasach-I-III.pdf\"><span class=\"has-inline-color has-black-color\">ZA\u0141\u0104CZNIK NR 1 &#8211; Kryteria oceny bie\u017c\u0105cej zaj\u0119\u0107-edukacyjnych w klasach I &#8211; III<\/span><\/a><\/div>\n\n\n\n<div class=\"wp-block-file\"><a href=\"http:\/\/sp1slupsk.pl\/wp-content\/uploads\/2024\/06\/ZALACZNIK-NR-2-Wymagania-do-formulowania-oceny-z-zachowania-ucznia-klas-I-III.pdf\"><span class=\"has-inline-color has-black-color\">ZAL\u0104CZNIK NR 2 &#8211; Wymagania do formu\u0142owania oceny z zachowania ucznia klas I &#8211; III<\/span><\/a><\/div>\n\n\n\n<div class=\"wp-block-file\"><a href=\"http:\/\/sp1slupsk.pl\/wp-content\/uploads\/2022\/09\/ZALACZNIK-NR-3-Kryteria-nadania-dyplomu-\u201eWzorowego-Ucznia-w-klasach-I-III.pdf\"><span class=\"has-inline-color has-black-color\">ZA\u0141\u0104CZNIK NR 3 &#8211; Kryteria nadania dyplomu \u201eWzorowego Ucznia&#8221; w klasach I &#8211; III<\/span><\/a><\/div>\n\n\n\n<div class=\"wp-block-file\"><a href=\"https:\/\/sp1slupsk.pl\/wp-content\/uploads\/2023\/09\/Przedmiotowe-zasady-oceniania-na-lekcjach-jezyka-polskiego.pdf\"><span class=\"has-inline-color has-black-color\">Przedmiotowe zasady oceniania na lekcjach j\u0119zyka polskiego<\/span><\/a><\/div>\n\n\n\n<div class=\"wp-block-file\"><a href=\"http:\/\/sp1slupsk.pl\/wp-content\/uploads\/2023\/09\/Przedmiotowe-zasady-oceniania-na-lekcjach-jezyka-angielskiego.pdf\"><span class=\"has-inline-color has-black-color\">Przedmiotowe zasady oceniania na lekcjach j\u0119zyka angielskiego<\/span><\/a><\/div>\n\n\n\n<div class=\"wp-block-file\"><a href=\"https:\/\/sp1slupsk.pl\/wp-content\/uploads\/2025\/09\/Przedmiotowe-Zasady-Oceniania-j.niemiecki.pdf\"><span class=\"has-inline-color has-black-color\">Przedmiotowe zasady oceniania na lekcjach j\u0119zyka niemieckiego<\/span><\/a><\/div>\n\n\n\n<div class=\"wp-block-file\"><a href=\"http:\/\/sp1slupsk.pl\/wp-content\/uploads\/2024\/05\/Przedmiotowe-zasady-oceniania-na-lekcjach-matematyki.pdf\"><span class=\"has-inline-color has-black-color\">Przedmiotowe zasady oceniania na lekcjach matematyki<\/span><\/a><\/div>\n\n\n\n<div class=\"wp-block-file\"><a href=\"http:\/\/sp1slupsk.pl\/wp-content\/uploads\/2024\/05\/Przedmiotowe-zasady-oceniania-z-chemii.pdf\"><span class=\"has-inline-color has-black-color\">Przedmiotowe zasady oceniania na lekcjach chemii<\/span><\/a><\/div>\n\n\n\n<div class=\"wp-block-file\"><a href=\"http:\/\/sp1slupsk.pl\/wp-content\/uploads\/2024\/05\/Przedmiotowe-zasady-oceniania-na-lekcjach-fizyki-1.pdf\"><span class=\"has-inline-color has-black-color\">Przedmiotowe zasady oceniania na lekcjach fizyki<\/span><\/a><\/div>\n\n\n\n<div class=\"wp-block-file\"><a href=\"http:\/\/sp1slupsk.pl\/wp-content\/uploads\/2024\/05\/Przedmiotowe-zasady-oceniania-na-lekcjach-biologii.pdf\"><span class=\"has-inline-color has-black-color\">Przedmiotowe zasady oceniania na lekcjach biologii<\/span><\/a><\/div>\n\n\n\n<div class=\"wp-block-file\"><a href=\"https:\/\/sp1slupsk.pl\/wp-content\/uploads\/2024\/05\/Przedmiotowe-zasady-oceniania-na-lekcjach-przyrody.pdf\"><span class=\"has-inline-color has-black-color\">Przedmiotowe zasady oceniania na lekcjach przyrody<\/span><\/a><\/div>\n\n\n\n<div class=\"wp-block-file\"><a href=\"https:\/\/sp1slupsk.pl\/wp-content\/uploads\/2023\/09\/Przedmiotowe-zasady-oceniania-na-lekcjach-geografii.pdf\"><span class=\"has-inline-color has-black-color\">Przedmiotowe zasady oceniania na lekcjach geografii<\/span><\/a><\/div>\n\n\n\n<div class=\"wp-block-file\"><a href=\"http:\/\/sp1slupsk.pl\/wp-content\/uploads\/2024\/05\/Przedmiotowe-zasady-oceniania-na-lekcjach-historii.pdf\"><span class=\"has-inline-color has-black-color\">Przedmiotowe zasady oceniania na lekcjach historii<\/span><\/a><\/div>\n\n\n\n<div class=\"wp-block-file\"><a href=\"http:\/\/sp1slupsk.pl\/wp-content\/uploads\/2024\/05\/Przedmiotowe-zasady-oceniania-na-lekcjach-wiedzy-o-spoleczenstwie.pdf\"><span class=\"has-inline-color has-black-color\">Przedmiotowe zasady oceniania na lekcjach wiedzy o spo\u0142ecze\u0144stwie<\/span><\/a><\/div>\n\n\n\n<div class=\"wp-block-file\"><a href=\"https:\/\/sp1slupsk.pl\/wp-content\/uploads\/2023\/09\/Przedmiotowe-zasady-oceniania-na-lekcjach-informatyki.pdf\"><span class=\"has-inline-color has-black-color\">Przedmiotowe zasady oceniania na lekcjach informatyki<\/span><\/a><\/div>\n\n\n\n<div class=\"wp-block-file\"><a href=\"http:\/\/sp1slupsk.pl\/wp-content\/uploads\/2023\/09\/Przedmiotowe-zasady-oceniania-na-lekcjach-wychowania-fizycznego.pdf\"><span class=\"has-inline-color has-black-color\">Przedmiotowe zasady oceniania na lekcjach wychowania fizycznego<\/span><\/a><\/div>\n\n\n\n<div class=\"wp-block-file\"><a href=\"https:\/\/sp1slupsk.pl\/wp-content\/uploads\/2024\/05\/Przedmiotowe-zasady-oceniania-na-lekcjach-edukacji-dla-bezpieczenstwa.pdf\"><span class=\"has-inline-color has-black-color\">Przedmiotowe zasady oceniania na lekcjach edukacji dla bezpiecze\u0144stwa<\/span><\/a><\/div>\n\n\n\n<div class=\"wp-block-file\"><a href=\"https:\/\/sp1slupsk.pl\/wp-content\/uploads\/2024\/05\/Przedmiotowe-zasady-oceniania-na-lekcjach-muzyki.pdf\"><span class=\"has-inline-color has-black-color\">Przedmiotowe zasady oceniania na lekcjach muzyki<\/span><\/a><\/div>\n\n\n\n<div class=\"wp-block-file\"><a href=\"https:\/\/sp1slupsk.pl\/wp-content\/uploads\/2024\/05\/Przedmiotowe-zasady-oceniania-z-plastyki.pdf\"><span class=\"has-inline-color has-black-color\">Przedmiotowe zasady oceniania na lekcjach plastyki<\/span><\/a><\/div>\n\n\n\n<div class=\"wp-block-file\"><a href=\"http:\/\/sp1slupsk.pl\/wp-content\/uploads\/2024\/06\/Przedmiotowe-zasady-oceniania-na-lekcjach-techniki.pdf\"><span class=\"has-inline-color has-black-color\">Przedmiotowe zasady oceniania na lekcjach techniki<\/span><\/a><\/div>\n\n\n\n<div class=\"wp-block-file\"><a href=\"http:\/\/sp1slupsk.pl\/wp-content\/uploads\/2023\/09\/PZO-Religia.pdf\"><span class=\"has-inline-color has-black-color\">Przedmiotowe zasady oceniania na lekcjach religii<\/span><\/a><\/div>\n\n\n\n<p><\/p>\n","protected":false},"excerpt":{"rendered":"","protected":false},"author":1,"featured_media":0,"parent":0,"menu_order":0,"comment_status":"closed","ping_status":"closed","template":"","meta":[],"_links":{"self":[{"href":"https:\/\/sp1slupsk.pl\/index.php?rest_route=\/wp\/v2\/pages\/73760"}],"collection":[{"href":"https:\/\/sp1slupsk.pl\/index.php?rest_route=\/wp\/v2\/pages"}],"about":[{"href":"https:\/\/sp1slupsk.pl\/index.php?rest_route=\/wp\/v2\/types\/page"}],"author":[{"embeddable":true,"href":"https:\/\/sp1slupsk.pl\/index.php?rest_route=\/wp\/v2\/users\/1"}],"replies":[{"embeddable":true,"href":"https:\/\/sp1slupsk.pl\/index.php?rest_route=%2Fwp%2Fv2%2Fcomments&post=73760"}],"version-history":[{"count":124,"href":"https:\/\/sp1slupsk.pl\/index.php?rest_route=\/wp\/v2\/pages\/73760\/revisions"}],"predecessor-version":[{"id":89198,"href":"https:\/\/sp1slupsk.pl\/index.php?rest_route=\/wp\/v2\/pages\/73760\/revisions\/89198"}],"wp:attachment":[{"href":"https:\/\/sp1slupsk.pl\/index.php?rest_route=%2Fwp%2Fv2%2Fmedia&parent=73760"}],"curies":[{"name":"wp","href":"https:\/\/api.w.org\/{rel}","templated":true}]}}