{"id":74332,"date":"2021-10-07T18:40:36","date_gmt":"2021-10-07T16:40:36","guid":{"rendered":"http:\/\/sp1slupsk.pl\/?page_id=74332"},"modified":"2021-10-07T18:41:33","modified_gmt":"2021-10-07T16:41:33","slug":"wolontariat-rok-szkolny-2019-2020","status":"publish","type":"page","link":"https:\/\/sp1slupsk.pl\/?page_id=74332","title":{"rendered":"Wolontariat \u2013 rok szkolny 2019\/2020"},"content":{"rendered":"\n<p><strong>Wolontariat rok szkolny 2019\/2020<\/strong><\/p>\n\n\n\n<p><em><a href=\"http:\/\/sp1slupsk.pl\/?page_id=57143\">Szkolny regulamin przyznawania punkt\u00f3w za wolontariat dla uczni\u00f3w Szko\u0142y Podstawowej nr 1 im. H. Sienkiewicza w S\u0142upsku<\/a><\/em><\/p>\n\n\n\n<p><strong>CELE WOLONTARIATU SZKO\u0141Y PODSTAWOWEJ NR 1 W S\u0141UPSKU<\/strong><\/p>\n\n\n\n<ul><li>rozwijanie w\u015br\u00f3d m\u0142odzie\u017cy postawy zaanga\u017cowania na rzecz potrzebuj\u0105cych pomocy, otwarto\u015bci i wra\u017cliwo\u015bci na potrzeby innych, \u017cyczliwo\u015bci i bezinteresowno\u015bci,<\/li><li>aktywne dzia\u0142anie w obszarze pomocy kole\u017ce\u0144skiej,<\/li><li>wykorzystanie umiej\u0119tno\u015bci i zapa\u0142u uczni\u00f3w w pracach na rzecz szko\u0142y i \u015brodowiska szkolnego oraz \u015brodowiska lokalnego,<\/li><li>wspieranie ciekawych inicjatyw m\u0142odzie\u017cy szkolnej,<\/li><li>promocja idei wolontariatu w szkole,<\/li><li>prowadzenie cyklicznych spotka\u0144 wolontariuszy,<\/li><li>niesienie pomocy potrzebuj\u0105cym.<\/li><\/ul>\n\n\n\n<p><strong>PRACA WOLONTARIATU<\/strong><\/p>\n\n\n\n<ol><li>Wsp\u00f3\u0142praca z Regionalnym Centrum Wolontariatu w S\u0142upsku.<\/li><li>Udzia\u0142 w akcjach organizowanych przez Polsk\u0105 Akcj\u0119 Humanitarn\u0105<br>Program PAH: \u201eWiem i dzia\u0142am &#8222;.<\/li><li>Wsp\u00f3\u0142praca z Hospicjum Mi\u0142osierdzia Bo\u017cego w S\u0142upsku.<\/li><li>Ca\u0142a Polska Czyta Dzieciom- udzia\u0142 w akcji czytanie wierszy, bajek w klasach I-III oraz w przedszkolu.<\/li><li>Pomoc dla s\u0142upskiego schroniska dla zwierz\u0105t.<\/li><li>Wsp\u00f3\u0142praca z Bankiem \u017bywno\u015bci.<\/li><\/ol>\n\n\n\n<p><strong>Koordynatorzy<\/strong>:&nbsp;Marzena Grzebieniak, Anna \u017bmuda-Trzebiatowska<\/p>\n\n\n\n<p><strong>Wsparcie:<\/strong>&nbsp;Wioletta Kowalewska<\/p>\n\n\n\n<p><strong>Wolontariusze:<\/strong><\/p>\n\n\n\n<ol><li>Pypczy\u0144ska Urszula<\/li><li>Jura Oliwia<\/li><li>Nosal Emilia<\/li><li>Jarmu\u0142 Maja<\/li><li>Pytlewska Zuzanna<\/li><li>Batruch Bartosz<\/li><li>Pacholski Mateusz<\/li><li>Maciulewicz Nikola<\/li><li>Subocz Zuzanna<\/li><li>Hinca Nikola<\/li><li>\u017bydzianowski Miko\u0142aj<\/li><li>\u017bebrowska Hanna<\/li><li>Pyzio Maksymilian<\/li><li>Diegner Laura<\/li><li>Witkowska Julia<\/li><li>Malczewska Aleksandra<\/li><li>Bengier Wiktoria<\/li><li>Smys\u0142o Kinga<\/li><\/ol>\n\n\n\n<hr class=\"wp-block-separator\"\/>\n\n\n\n<p><strong>PROJEKT EKOMISJA<\/strong><\/p>\n\n\n\n<div class=\"wp-block-image\"><figure class=\"alignright\"><a href=\"http:\/\/sp1slupsk.pl\/wp-content\/uploads\/2018\/10\/ekomisja.png\"><img src=\"http:\/\/sp1slupsk.pl\/wp-content\/uploads\/2018\/10\/ekomisja-150x150.png\" alt=\"ekomisja\" class=\"wp-image-64584\"\/><\/a><\/figure><\/div>\n\n\n\n<p>\u201eEkoMisja \u2013 nie marnuj\u0119\u201d to d\u0142ugofalowy projekt Federacji Polskich Bank\u00f3w \u017bywno\u015bci wsp\u00f3\u0142finansowany ze \u015brodk\u00f3w Narodowego Funduszu Ochrony \u015arodowiska i Gospodarki Wodnej.<\/p>\n\n\n\n<p>Celem projektu jest zwi\u0119kszenie \u015bwiadomo\u015bci obywateli, g\u0142\u00f3wnie dzieci i m\u0142odzie\u017cy oraz os\u00f3b doros\u0142ych, na temat ekologicznych skutk\u00f3w marnowania \u017cywno\u015bci oraz ograniczanie tych niekorzystnych dla \u015brodowiska naturalnego zachowa\u0144.<\/p>\n\n\n\n<p>Cel ten zostanie osi\u0105gni\u0119ty poprzez dzia\u0142ania edukacyjne wskazuj\u0105ce, \u017ce marnowanie \u017cywno\u015bci jest problemem o negatywnym wp\u0142ywie na \u015brodowisko, jak r\u00f3wnie\u017c wskaza\u0107 praktyczne sposoby na zmniejszenie skali odpad\u00f3w \u017cywno\u015bci na poziomie gospodarstwa domowego.<\/p>\n\n\n\n<p><strong>DZIA\u0141ANIA W PROJEKCIE:<\/strong><\/p>\n\n\n\n<p><em>1) Projekt KLASA<\/em><\/p>\n\n\n\n<p>Istot\u0105 projektu KLASA jest samodzielna praca uczni\u00f3w, s\u0142u\u017c\u0105ca realizacji okre\u015blonego przedsi\u0119wzi\u0119cia (zadania lub problemu dydaktycznego i wychowawczego). Podczas pracy uczniowie samodzielnie zdobywaj\u0105 nie tylko wiedz\u0119 merytoryczn\u0105, ale dodatkowo ucz\u0105 si\u0119 pracy w grupie, realizacji za\u0142o\u017conych cel\u00f3w i podejmuj\u0105 nowe wyzwania.<\/p>\n\n\n\n<p>Praca uczni\u00f3w w projekcie KLASA polega na opracowaniu w grupach 4 temat\u00f3w, tj:<\/p>\n\n\n\n<p>PROJEKT I: \u201eJak przekona\u0107 r\u00f3wie\u015bnik\u00f3w, aby dbali o planet\u0119\u201d<br>PROJEKT II: \u201eNasza planeta za 100 lat, je\u015bli nic nie zmienimy\u201d<br>PROJEKT III: \u201eJak b\u0119dzie wygl\u0105da\u0142a nasza planeta, je\u015bli ju\u017c teraz zaczniemy o ni\u0105 dba\u0107\u201d<br>PROJEKT IV: \u201eJakie dzia\u0142ania mo\u017ce podj\u0105\u0107 ka\u017cdy z nas dla ratowania planety\u201d<\/p>\n\n\n\n<p>W realizacji projektu KLASA pomagaj\u0105 Edukatorzy z Bank\u00f3w \u017bywno\u015bci, kt\u00f3rzy spotykaj\u0105 si\u0119 z uczniami na zaj\u0119ciach wprowadzaj\u0105cych w tematyk\u0119 programu, tj. ekologiczne skutki marnowania \u017cywno\u015bci. Projekt KLASA ko\u0144czy si\u0119 prezentacj\u0105 uzyskanych rezultat\u00f3w ca\u0142ej spo\u0142eczno\u015bci szkolnej. W\u015br\u00f3d sposob\u00f3w na zaprezentowanie opracowywanych temat\u00f3w mo\u017cna wymieni\u0107 m. in. ekologiczne quizy, filmy edukacyjne, piosenki, konkursy plastyczne, warsztaty kulinarne i wiele innych.<\/p>\n\n\n\n<p><em>2) \u201eSzkolne Kluby Niemarnowania<\/em>\u201d<\/p>\n\n\n\n<p>\u201eSzkolne Kluby Niemarnowania\u201d to idea k\u00f3\u0142ek\/zaj\u0119\u0107 tematycznych, dotycz\u0105cych ekologii oraz zapobiegania marnotrawstwu jedzenia. W ramach \u201eSzkolnych Klub\u00f3w Niemarnowania\u201d nauczyciel przeprowadza lekcje o ekologii i niemarnowaniu \u017cywno\u015bci, w tym ekologicznych skutkach marnowania. W ramach \u201eSzkolnych Klub\u00f3w Niemarnowania\u201d szko\u0142a organizuje zaj\u0119cia rozwijaj\u0105ce zainteresowania uczni\u00f3w, w szczeg\u00f3lno\u015bci te dotycz\u0105ce kszta\u0142towania postaw proekologicznych, wykraczaj\u0105ce poza podstaw\u0119 programow\u0105 i programy nauczania.<\/p>\n\n\n\n<p>W naszej szkole w projekcie \u201eEkoMisja \u2013 nie marnuj\u0119\u201d bior\u0105 udzia\u0142: 2a, 3b, 5c, 6c.<\/p>\n\n\n\n<hr class=\"wp-block-separator\"\/>\n\n\n\n<h3>AKTUALNO\u015aCI<\/h3>\n\n\n\n<p><strong>GALA WOLONTARIATU 2019<\/strong><\/p>\n\n\n\n\t\t\t\t\t<div class=\"gallery_box_single\">\n\t\t\t\t\t\t<p class=\"not_found\">Sorry, nothing found.<\/p>\n\t\t\t\t\t<\/div><!-- .gallery_box_single -->\n\t\t\t\t\t\t\t\t<script type=\"text\/javascript\">\n\t\t\t\t\t(function($) {\n\t\t\t\t\t\t$(document).ready( function() {\n\t\t\t\t\t\t\t$( \"a[rel=gallery_fancybox_]\" ).fancybox( {\n\t\t\t\t\t\t\t\t'transitionIn'\t\t:\t'elastic',\n\t\t\t\t\t\t\t\t'transitionOut'\t\t:\t'elastic',\n\t\t\t\t\t\t\t\t'titlePosition' \t:\t'inside',\n\t\t\t\t\t\t\t\t'speedIn'\t\t\t:\t500, \n\t\t\t\t\t\t\t\t'speedOut'\t\t\t:\t300,\n\t\t\t\t\t\t\t\t'titleFormat'\t\t:\tfunction( title, currentArray, currentIndex, currentOpts ) {\n\t\t\t\t\t\t\t\t\treturn '<div id=\"fancybox-title-inside\">' + ( title.length ? '<span id=\"bws_gallery_image_title\">' + title + '<\/span><br \/>' : '' ) + '<span id=\"bws_gallery_image_counter\">Image ' + ( currentIndex + 1 ) + ' \/ ' + currentArray.length + '<\/span><\/div>';\n\t\t\t\t\t\t\t\t}\t\t\t\t\t\t\t});\n\t\t\t\t\t\t});\n\t\t\t\t\t})(jQuery);\n\t\t\t\t<\/script>\n\t\t\t\n\n\n\n<hr class=\"wp-block-separator\"\/>\n\n\n\n<p><strong>AKCJA CHARYTATYWNA<\/strong><\/p>\n\n\n\n<p>Akcja charytatywna dedykowana CHORYM NA STWARDNIENIE ROZSIANE- zbierali\u015bmy pieluchomajtki dla doros\u0142ych i bia\u0142e, bawe\u0142niane r\u0119czniki.<\/p>\n\n\n\n\t\t\t\t\t<div class=\"gallery_box_single\">\n\t\t\t\t\t\t<p class=\"not_found\">Sorry, nothing found.<\/p>\n\t\t\t\t\t<\/div><!-- .gallery_box_single -->\n\t\t\t\t\t\t\t\t<script type=\"text\/javascript\">\n\t\t\t\t\t(function($) {\n\t\t\t\t\t\t$(document).ready( function() {\n\t\t\t\t\t\t\t$( \"a[rel=gallery_fancybox_]\" ).fancybox( {\n\t\t\t\t\t\t\t\t'transitionIn'\t\t:\t'elastic',\n\t\t\t\t\t\t\t\t'transitionOut'\t\t:\t'elastic',\n\t\t\t\t\t\t\t\t'titlePosition' \t:\t'inside',\n\t\t\t\t\t\t\t\t'speedIn'\t\t\t:\t500, \n\t\t\t\t\t\t\t\t'speedOut'\t\t\t:\t300,\n\t\t\t\t\t\t\t\t'titleFormat'\t\t:\tfunction( title, currentArray, currentIndex, currentOpts ) {\n\t\t\t\t\t\t\t\t\treturn '<div id=\"fancybox-title-inside\">' + ( title.length ? '<span id=\"bws_gallery_image_title\">' + title + '<\/span><br \/>' : '' ) + '<span id=\"bws_gallery_image_counter\">Image ' + ( currentIndex + 1 ) + ' \/ ' + currentArray.length + '<\/span><\/div>';\n\t\t\t\t\t\t\t\t}\t\t\t\t\t\t\t});\n\t\t\t\t\t\t});\n\t\t\t\t\t})(jQuery);\n\t\t\t\t<\/script>\n\t\t\t\n\n\n\n<hr class=\"wp-block-separator\"\/>\n\n\n\n<p><strong>Nasi wolontariusze<\/strong><\/p>\n\n\n\n<p>29.11.19 szkolni wolontariusze w sklepie Lidl zbierali produkty spo\u017cywcze dla najbiedniejszych na \u015bwi\u0119ta. Akcja przeprowadzona pod patronatem Banku \u017bywno\u015bci.<\/p>\n\n\n\n\t\t\t\t\t<div class=\"gallery_box_single\">\n\t\t\t\t\t\t<p class=\"not_found\">Sorry, nothing found.<\/p>\n\t\t\t\t\t<\/div><!-- .gallery_box_single -->\n\t\t\t\t\t\t\t\t<script type=\"text\/javascript\">\n\t\t\t\t\t(function($) {\n\t\t\t\t\t\t$(document).ready( function() {\n\t\t\t\t\t\t\t$( \"a[rel=gallery_fancybox_]\" ).fancybox( {\n\t\t\t\t\t\t\t\t'transitionIn'\t\t:\t'elastic',\n\t\t\t\t\t\t\t\t'transitionOut'\t\t:\t'elastic',\n\t\t\t\t\t\t\t\t'titlePosition' \t:\t'inside',\n\t\t\t\t\t\t\t\t'speedIn'\t\t\t:\t500, \n\t\t\t\t\t\t\t\t'speedOut'\t\t\t:\t300,\n\t\t\t\t\t\t\t\t'titleFormat'\t\t:\tfunction( title, currentArray, currentIndex, currentOpts ) {\n\t\t\t\t\t\t\t\t\treturn '<div id=\"fancybox-title-inside\">' + ( title.length ? '<span id=\"bws_gallery_image_title\">' + title + '<\/span><br \/>' : '' ) + '<span id=\"bws_gallery_image_counter\">Image ' + ( currentIndex + 1 ) + ' \/ ' + currentArray.length + '<\/span><\/div>';\n\t\t\t\t\t\t\t\t}\t\t\t\t\t\t\t});\n\t\t\t\t\t\t});\n\t\t\t\t\t})(jQuery);\n\t\t\t\t<\/script>\n\t\t\t\n\n\n\n<hr class=\"wp-block-separator\"\/>\n\n\n\n<p><strong>Nasi wolontariusze w przedszkolu<\/strong><\/p>\n\n\n\n<p>W dniu 25.11.2019 r. nasi wolontariusze w\u0142\u0105czyli si\u0119 do akcji &#8221; CA\u0141A POLSKA CZYTA DZIECIOM&#8221; i czytali bajki dzieciom.<\/p>\n\n\n\t\t\t\t\t<div class=\"gallery_box_single\">\n\t\t\t\t\t\t<p class=\"not_found\">Sorry, nothing found.<\/p>\n\t\t\t\t\t<\/div><!-- .gallery_box_single -->\n\t\t\t\t\t\t\t\t<script type=\"text\/javascript\">\n\t\t\t\t\t(function($) {\n\t\t\t\t\t\t$(document).ready( function() {\n\t\t\t\t\t\t\t$( \"a[rel=gallery_fancybox_]\" ).fancybox( {\n\t\t\t\t\t\t\t\t'transitionIn'\t\t:\t'elastic',\n\t\t\t\t\t\t\t\t'transitionOut'\t\t:\t'elastic',\n\t\t\t\t\t\t\t\t'titlePosition' \t:\t'inside',\n\t\t\t\t\t\t\t\t'speedIn'\t\t\t:\t500, \n\t\t\t\t\t\t\t\t'speedOut'\t\t\t:\t300,\n\t\t\t\t\t\t\t\t'titleFormat'\t\t:\tfunction( title, currentArray, currentIndex, currentOpts ) {\n\t\t\t\t\t\t\t\t\treturn '<div id=\"fancybox-title-inside\">' + ( title.length ? '<span id=\"bws_gallery_image_title\">' + title + '<\/span><br \/>' : '' ) + '<span id=\"bws_gallery_image_counter\">Image ' + ( currentIndex + 1 ) + ' \/ ' + currentArray.length + '<\/span><\/div>';\n\t\t\t\t\t\t\t\t}\t\t\t\t\t\t\t});\n\t\t\t\t\t\t});\n\t\t\t\t\t})(jQuery);\n\t\t\t\t<\/script>\n\t\t\t\n\n\n\n<hr class=\"wp-block-separator\"\/>\n\n\n\n<p><strong>Kwesta na rzecz Hospicjum &#8211; nasi wolontariusze<\/strong><\/p>\n\n\n\n<p>Szkolne ko\u0142o wolontariatu w\u0142\u0105czy\u0142o si\u0119 w tegoroczn\u0105 zbi\u00f3rk\u0119 pieni\u0119dzy na rzecz S\u0142upskiego Hospicjum.<\/p>\n\n\n\n\t\t\t\t\t<div class=\"gallery_box_single\">\n\t\t\t\t\t\t<p class=\"not_found\">Sorry, nothing found.<\/p>\n\t\t\t\t\t<\/div><!-- .gallery_box_single -->\n\t\t\t\t\t\t\t\t<script type=\"text\/javascript\">\n\t\t\t\t\t(function($) {\n\t\t\t\t\t\t$(document).ready( function() {\n\t\t\t\t\t\t\t$( \"a[rel=gallery_fancybox_]\" ).fancybox( {\n\t\t\t\t\t\t\t\t'transitionIn'\t\t:\t'elastic',\n\t\t\t\t\t\t\t\t'transitionOut'\t\t:\t'elastic',\n\t\t\t\t\t\t\t\t'titlePosition' \t:\t'inside',\n\t\t\t\t\t\t\t\t'speedIn'\t\t\t:\t500, \n\t\t\t\t\t\t\t\t'speedOut'\t\t\t:\t300,\n\t\t\t\t\t\t\t\t'titleFormat'\t\t:\tfunction( title, currentArray, currentIndex, currentOpts ) {\n\t\t\t\t\t\t\t\t\treturn '<div id=\"fancybox-title-inside\">' + ( title.length ? '<span id=\"bws_gallery_image_title\">' + title + '<\/span><br \/>' : '' ) + '<span id=\"bws_gallery_image_counter\">Image ' + ( currentIndex + 1 ) + ' \/ ' + currentArray.length + '<\/span><\/div>';\n\t\t\t\t\t\t\t\t}\t\t\t\t\t\t\t});\n\t\t\t\t\t\t});\n\t\t\t\t\t})(jQuery);\n\t\t\t\t<\/script>\n\t\t\t\n\n\n\n<hr class=\"wp-block-separator\"\/>\n\n\n\n<p><strong>Szko\u0142a Pami\u0119ta \u2013 nasi wolontariusze<\/strong><\/p>\n\n\n\n<p>W ramach akcji SZKO\u0141A PAMI\u0118TA w pi\u0105tek 25.10.19 szkolni wolontariusze odwiedzili lokalne miejsca pami\u0119ci zg\u0142\u0119biaj\u0105c ich histori\u0119, uporz\u0105dkowali miejsca zwi\u0105zane z wa\u017cnymi wydarzeniami S\u0142upska, zapalili znicze.<\/p>\n\n\n\n\t\t\t\t\t<div class=\"gallery_box_single\">\n\t\t\t\t\t\t<p class=\"not_found\">Sorry, nothing found.<\/p>\n\t\t\t\t\t<\/div><!-- .gallery_box_single -->\n\t\t\t\t\t\t\t\t<script type=\"text\/javascript\">\n\t\t\t\t\t(function($) {\n\t\t\t\t\t\t$(document).ready( function() {\n\t\t\t\t\t\t\t$( \"a[rel=gallery_fancybox_]\" ).fancybox( {\n\t\t\t\t\t\t\t\t'transitionIn'\t\t:\t'elastic',\n\t\t\t\t\t\t\t\t'transitionOut'\t\t:\t'elastic',\n\t\t\t\t\t\t\t\t'titlePosition' \t:\t'inside',\n\t\t\t\t\t\t\t\t'speedIn'\t\t\t:\t500, \n\t\t\t\t\t\t\t\t'speedOut'\t\t\t:\t300,\n\t\t\t\t\t\t\t\t'titleFormat'\t\t:\tfunction( title, currentArray, currentIndex, currentOpts ) {\n\t\t\t\t\t\t\t\t\treturn '<div id=\"fancybox-title-inside\">' + ( title.length ? '<span id=\"bws_gallery_image_title\">' + title + '<\/span><br \/>' : '' ) + '<span id=\"bws_gallery_image_counter\">Image ' + ( currentIndex + 1 ) + ' \/ ' + currentArray.length + '<\/span><\/div>';\n\t\t\t\t\t\t\t\t}\t\t\t\t\t\t\t});\n\t\t\t\t\t\t});\n\t\t\t\t\t})(jQuery);\n\t\t\t\t<\/script>\n\t\t\t\n\n\n\n<hr class=\"wp-block-separator\"\/>\n\n\n\n<p><strong>Dzia\u0142alno\u015b\u0107 charytatywna na rzecz zwierz\u0105t- nasi wolontariusze<\/strong><\/p>\n\n\n\n<p>W tradycji naszej szko\u0142y jest dzia\u0142alno\u015b\u0107 charytatywna na rzecz zwierz\u0105t. W pa\u017adzierniku zorganizowali\u015bmy zbi\u00f3rk\u0119 dar\u00f3w, kt\u00f3re wspomog\u0105 dzia\u0142alno\u015b\u0107 schroniska dla bezdomnych zwierz\u0105t. Uczniowie naszej szko\u0142y w\u0142\u0105czyli si\u0119 do zbi\u00f3rki na rzecz ps\u00f3w i kot\u00f3w, przynosz\u0105c koce, ko\u0142dry, karm\u0119, smycze, zabawki. 25 pa\u017adziernika wszystkie dary przekazali\u015bmy SCHRONISKU DLA ZWIERZ\u0104T W S\u0141UPSKU.<\/p>\n\n\n\t\t\t\t\t<div class=\"gallery_box_single\">\n\t\t\t\t\t\t<p class=\"not_found\">Sorry, nothing found.<\/p>\n\t\t\t\t\t<\/div><!-- .gallery_box_single -->\n\t\t\t\t\t\t\t\t<script type=\"text\/javascript\">\n\t\t\t\t\t(function($) {\n\t\t\t\t\t\t$(document).ready( function() {\n\t\t\t\t\t\t\t$( \"a[rel=gallery_fancybox_]\" ).fancybox( {\n\t\t\t\t\t\t\t\t'transitionIn'\t\t:\t'elastic',\n\t\t\t\t\t\t\t\t'transitionOut'\t\t:\t'elastic',\n\t\t\t\t\t\t\t\t'titlePosition' \t:\t'inside',\n\t\t\t\t\t\t\t\t'speedIn'\t\t\t:\t500, \n\t\t\t\t\t\t\t\t'speedOut'\t\t\t:\t300,\n\t\t\t\t\t\t\t\t'titleFormat'\t\t:\tfunction( title, currentArray, currentIndex, currentOpts ) {\n\t\t\t\t\t\t\t\t\treturn '<div id=\"fancybox-title-inside\">' + ( title.length ? '<span id=\"bws_gallery_image_title\">' + title + '<\/span><br \/>' : '' ) + '<span id=\"bws_gallery_image_counter\">Image ' + ( currentIndex + 1 ) + ' \/ ' + currentArray.length + '<\/span><\/div>';\n\t\t\t\t\t\t\t\t}\t\t\t\t\t\t\t});\n\t\t\t\t\t\t});\n\t\t\t\t\t})(jQuery);\n\t\t\t\t<\/script>\n\t\t\t\n","protected":false},"excerpt":{"rendered":"<p>Wolontariat rok szkolny 2019\/2020 Szkolny regulamin przyznawania punkt\u00f3w za wolontariat dla uczni\u00f3w Szko\u0142y Podstawowej nr 1 im. H. Sienkiewicza w S\u0142upsku CELE WOLONTARIATU SZKO\u0141Y PODSTAWOWEJ NR 1 W S\u0141UPSKU rozwijanie w\u015br\u00f3d m\u0142odzie\u017cy postawy zaanga\u017cowania na rzecz potrzebuj\u0105cych pomocy, otwarto\u015bci i wra\u017cliwo\u015bci na potrzeby innych, \u017cyczliwo\u015bci i bezinteresowno\u015bci, aktywne dzia\u0142anie w obszarze pomocy kole\u017ce\u0144skiej, wykorzystanie umiej\u0119tno\u015bci <a href=\"https:\/\/sp1slupsk.pl\/?page_id=74332\"><b>&#8230;wi\u0119cej<\/b><\/a><\/p>\n","protected":false},"author":1,"featured_media":0,"parent":0,"menu_order":0,"comment_status":"closed","ping_status":"closed","template":"","meta":[],"_links":{"self":[{"href":"https:\/\/sp1slupsk.pl\/index.php?rest_route=\/wp\/v2\/pages\/74332"}],"collection":[{"href":"https:\/\/sp1slupsk.pl\/index.php?rest_route=\/wp\/v2\/pages"}],"about":[{"href":"https:\/\/sp1slupsk.pl\/index.php?rest_route=\/wp\/v2\/types\/page"}],"author":[{"embeddable":true,"href":"https:\/\/sp1slupsk.pl\/index.php?rest_route=\/wp\/v2\/users\/1"}],"replies":[{"embeddable":true,"href":"https:\/\/sp1slupsk.pl\/index.php?rest_route=%2Fwp%2Fv2%2Fcomments&post=74332"}],"version-history":[{"count":3,"href":"https:\/\/sp1slupsk.pl\/index.php?rest_route=\/wp\/v2\/pages\/74332\/revisions"}],"predecessor-version":[{"id":74335,"href":"https:\/\/sp1slupsk.pl\/index.php?rest_route=\/wp\/v2\/pages\/74332\/revisions\/74335"}],"wp:attachment":[{"href":"https:\/\/sp1slupsk.pl\/index.php?rest_route=%2Fwp%2Fv2%2Fmedia&parent=74332"}],"curies":[{"name":"wp","href":"https:\/\/api.w.org\/{rel}","templated":true}]}}