{"id":74338,"date":"2021-10-07T18:45:10","date_gmt":"2021-10-07T16:45:10","guid":{"rendered":"http:\/\/sp1slupsk.pl\/?page_id=74338"},"modified":"2021-10-07T18:49:15","modified_gmt":"2021-10-07T16:49:15","slug":"wolontariat-rok-szkolny-2021-2022","status":"publish","type":"page","link":"https:\/\/sp1slupsk.pl\/?page_id=74338","title":{"rendered":"Wolontariat rok szkolny 2020\/2021"},"content":{"rendered":"\n<p id=\"block-0f3e845a-81f3-42ef-bbc7-c653b0bd7d1e\"><strong>Wolontariat rok szkolny 2020\/2021<\/strong><\/p>\n\n\n\n<p id=\"block-830d2950-c459-41b4-8ac2-d48462f02e46\"><strong>AKCJA POMOC DLA FUNDACJI NA RZECZ ZWIERZ\u0104T SERCE NA \u0141APCE. <\/strong>Spo\u0142eczno\u015b\u0107 naszej szko\u0142y wykaza\u0142a si\u0119 wielkim sercem &#8211; zebrali\u015bmy kilkana\u015bcie kilogram\u00f3w karmy dla zwierz\u0105t oraz wykonali\u015bmy kilka przelew\u00f3w pieni\u0119\u017cnych na konto fundacji.<\/p>\n\n\n\n<figure class=\"wp-block-image\"><img src=\"http:\/\/sp1slupsk.pl\/wp-content\/uploads\/2021\/02\/153951877_267738801399022_7556933834976144891_n-1024x768.jpg\" alt=\"\"\/><\/figure>\n\n\n\n<figure class=\"wp-block-image\"><img src=\"http:\/\/sp1slupsk.pl\/wp-content\/uploads\/2021\/02\/154128962_891352638091600_822824560949218897_n-1024x768.jpg\" alt=\"\"\/><\/figure>\n\n\n\n<figure class=\"wp-block-image\"><img src=\"http:\/\/sp1slupsk.pl\/wp-content\/uploads\/2021\/02\/154466844_184459803080100_1623286613699070289_n-768x1024.jpg\" alt=\"\"\/><\/figure>\n\n\n\n<figure class=\"wp-block-image\"><img src=\"http:\/\/sp1slupsk.pl\/wp-content\/uploads\/2021\/02\/154640531_3929969697062549_7987246086530975405_n-1024x768.jpg\" alt=\"\"\/><\/figure>\n\n\n\n<figure class=\"wp-block-image\"><img src=\"http:\/\/sp1slupsk.pl\/wp-content\/uploads\/2021\/02\/155276255_913239146080347_8584175460124824930_n-1024x768.jpg\" alt=\"\"\/><\/figure>\n\n\n\n<ul><li><\/li><li><\/li><li><\/li><li><\/li><li><\/li><\/ul>\n\n\n\n<p id=\"block-eb144b8d-a2d6-4a25-ab1d-15d16b49b14f\"><strong>POMAGAMY CHORYM NA COVID<\/strong><\/p>\n\n\n\n<p id=\"block-32ae5a00-678b-42b4-9a9a-bf7b333717f4\">Wolontariusze i uczniowie naszej jedyneczki w\u0142\u0105czyli si\u0119 do akcji POMAGAMY CHORYM NA COVID.<\/p>\n\n\n\n<p id=\"block-96bb2239-c584-4926-a4bb-377a5e668312\">Dzi\u0119kujemy za dobre serce.<\/p>\n\n\n\n<p id=\"block-17ac87ba-a4b4-451a-bf5e-2526d443dfad\">\t\t\t\t\t<div class=\"gallery_box_single\">\n\t\t\t\t\t\t<p class=\"not_found\">Sorry, nothing found.<\/p>\n\t\t\t\t\t<\/div><!-- .gallery_box_single -->\n\t\t\t\t\t\t\t\t<script type=\"text\/javascript\">\n\t\t\t\t\t(function($) {\n\t\t\t\t\t\t$(document).ready( function() {\n\t\t\t\t\t\t\t$( \"a[rel=gallery_fancybox_]\" ).fancybox( {\n\t\t\t\t\t\t\t\t'transitionIn'\t\t:\t'elastic',\n\t\t\t\t\t\t\t\t'transitionOut'\t\t:\t'elastic',\n\t\t\t\t\t\t\t\t'titlePosition' \t:\t'inside',\n\t\t\t\t\t\t\t\t'speedIn'\t\t\t:\t500, \n\t\t\t\t\t\t\t\t'speedOut'\t\t\t:\t300,\n\t\t\t\t\t\t\t\t'titleFormat'\t\t:\tfunction( title, currentArray, currentIndex, currentOpts ) {\n\t\t\t\t\t\t\t\t\treturn '<div id=\"fancybox-title-inside\">' + ( title.length ? '<span id=\"bws_gallery_image_title\">' + title + '<\/span><br \/>' : '' ) + '<span id=\"bws_gallery_image_counter\">Image ' + ( currentIndex + 1 ) + ' \/ ' + currentArray.length + '<\/span><\/div>';\n\t\t\t\t\t\t\t\t}\t\t\t\t\t\t\t});\n\t\t\t\t\t\t});\n\t\t\t\t\t})(jQuery);\n\t\t\t\t<\/script>\n\t\t\t<\/p>\n\n\n\n<p id=\"block-f7f78b20-704d-47cb-aee0-9b36debce5b0\">&#8212;&#8212;&#8212;&#8212;&#8212;&#8212;&#8212;&#8212;&#8212;&#8212;&#8212;&#8212;&#8212;&#8212;-<\/p>\n\n\n\n<p id=\"block-d2e9d7f7-7d97-4f07-b5fe-590cf171fe89\"><strong>Razem na \u015bwi\u0119ta<\/strong><\/p>\n\n\n\n<p id=\"block-f35ee97b-da38-45b1-a5e7-46056eca431b\"><strong>#RazemNa\u015awieta<\/strong> W ramach&nbsp;&nbsp;og\u00f3lnopolskiej akcji MEN \u201eRazem na \u015awi\u0119ta\u201d Ko\u0142o Wolontariusza w naszej szkole zorganizowa\u0142o akcj\u0119 charytatywn\u0105 na rzecz cz\u0142onk\u00f3w Stowarzyszenia Represjonowanych przez III Rzesz\u0119 oddzia\u0142 w S\u0142upsku.&nbsp;Jest nam niezmiernie mi\u0142o, \u017ce mimo pandemii i pracy zdalnej akcja spotka\u0142a si\u0119 z tak szerokim odzewem. Dzi\u0119ki waszym sercom i ch\u0119ci niesienia pomocy potrzebuj\u0105cym przygotowali\u015bmy 21 pi\u0119knych, bogatych paczek, kt\u00f3re do ko\u0144ca tego tygodnia trafi\u0105 do potrzebuj\u0105cych.&nbsp;Dzi\u0119kujemy wszystkim Uczniom, Rodzicom, Nauczycielom i Pracownikom&nbsp; naszej szko\u0142y oraz wolontariuszom s\u0142upskiego Rolniczaka, kt\u00f3rzy do\u0142o\u017cyli swoj\u0105 cegie\u0142k\u0119 i serce, aby wzmocni\u0107 wi\u0119zi mi\u0119dzypokoleniowe, przynie\u015b\u0107 pomoc, rado\u015b\u0107, okaza\u0107 pami\u0119\u0107 i trosk\u0119 tym, kt\u00f3rzy nas potrzebuj\u0105.&nbsp;<strong>#RazemNa\u015awieta<\/strong><\/p>\n\n\n\n<p id=\"block-90b362e0-16b0-4a2c-af46-953921f8b240\">pisz\u0105 o nas<\/p>\n\n\n\n<figure class=\"wp-block-embed\"><div class=\"wp-block-embed__wrapper\">\nhttps:\/\/gp24.pl\/swiateczna-akcja-uczniow-sp1-w-slupsku-paczki-dla-weteranow-zdjecia\/ar\/c5-15356139?fbclid=IwAR0EHmuuGMeXcxpbjqqpRKVrja1YZRi56cLhBMbrWYlzMQ4Y7txQayiluZ8\n<\/div><\/figure>\n\n\n\n<figure class=\"wp-block-image\"><img src=\"http:\/\/sp1slupsk.pl\/wp-content\/uploads\/2020\/12\/131929828_437930204281935_1335465496854167177_n-1-1024x768.jpg\" alt=\"\"\/><\/figure>\n\n\n\n<figure class=\"wp-block-image\"><img src=\"http:\/\/sp1slupsk.pl\/wp-content\/uploads\/2020\/12\/131894570_1190753701322875_125251538982785228_n-1024x768.jpg\" alt=\"\"\/><\/figure>\n\n\n\n<figure class=\"wp-block-image\"><img src=\"http:\/\/sp1slupsk.pl\/wp-content\/uploads\/2020\/12\/131892018_1770462486461331_8371783934353765104_n-1024x768.jpg\" alt=\"\"\/><\/figure>\n\n\n\n<figure class=\"wp-block-image\"><img src=\"http:\/\/sp1slupsk.pl\/wp-content\/uploads\/2020\/12\/131890354_3550403678348684_7167014443585233763_n-766x1024.jpg\" alt=\"\"\/><\/figure>\n\n\n\n<ul><li><\/li><li><\/li><li><\/li><li><\/li><\/ul>\n\n\n\n<p id=\"block-14767d30-36c3-4321-8abe-3a5178fbd26b\">&#8212;&#8212;&#8212;&#8212;&#8212;&#8212;&#8212;&#8212;&#8211;<\/p>\n\n\n\n<p id=\"block-ff494038-3464-4069-a730-d5b0718420cc\">Pami\u0119tamy o zwierzakach<\/p>\n\n\n\n<p id=\"block-a9220e2f-ec7b-4395-8673-c5c894dfc26a\">STRA\u017b OCHRONY ZWIERZ\u0104T W S\u0141UPSKU- prosi\u0142a i prosi o pomoc. &nbsp;Nasza szko\u0142a zareagowa\u0142a na apel i zorganizowa\u0142a zbi\u00f3rk\u0119 . &nbsp;Nasza ma\u0142a pomoc to kropla w morzu potrzeb tej organizacji. Potrzeby s\u0105 du\u017ce \u2013 stra\u017c zajmuje si\u0119 40 psami i 20 kotami, a &nbsp;brakuje dos\u0142ownie wszystkiego-karmy suchej, mokrej i \u017cwirku, kaszy, ry\u017cu, &nbsp;koc\u00f3w, r\u0119cznik\u00f3w.&nbsp;<\/p>\n\n\n\n<p id=\"block-fed67772-d3d4-485a-ab02-9a1ba5c11d75\">Je\u015bli chcesz by\u0107 Miko\u0142ajem- prosimy przygotuj &nbsp;prezent dla kotka lub pieska.&nbsp;<\/p>\n\n\n\n<p id=\"block-545e1428-d89e-4f59-862c-0e6873e7a3a7\">Dary mo\u017cna przekazywa\u0107 w Klinice weterynaryjnej Dr.Baczy\u0144skiego przy ul. Armii Krajowej 29.&nbsp;<\/p>\n\n\n\n<figure class=\"wp-block-image\"><img src=\"http:\/\/sp1slupsk.pl\/wp-content\/uploads\/2020\/12\/132511232_841220903330765_6728389664120927981_n.jpg\" alt=\"\"\/><figcaption>&#8212;&#8212;&#8212;&#8212;&#8212;&#8212;&#8212;&#8212;&#8212;&#8212;-<\/figcaption><\/figure>\n\n\n\n<p id=\"block-daacf46f-c749-4962-8179-f2b851a110de\">Z SERCA PACZKA DLA SENIORA I DZIECIACZKA<\/p>\n\n\n\n<p id=\"block-d98db52b-0c92-445d-8ba5-e80ec544f511\">Wolontariusze naszej szko\u0142y wzieli udzia\u0142 w miko\u0142ajkowej akcji przygotowuj\u0105c paczki dla dzieci z SOS w Damnicy oraz dla senior\u00f3w z DPS w S\u0142upsku. Dary trafi\u0142y do organizatora akcji- Fundacji Wspierania Inicjatyw Niekonwencjonalnych SUB VENTUM.<\/p>\n\n\n\n<figure class=\"wp-block-image\"><img src=\"http:\/\/sp1slupsk.pl\/wp-content\/uploads\/2020\/12\/129901877_188745112889549_1826029478132920280_n-1024x686.jpg\" alt=\"\"\/><\/figure>\n\n\n\n<figure class=\"wp-block-image\"><img src=\"http:\/\/sp1slupsk.pl\/wp-content\/uploads\/2020\/12\/129698413_426411942077185_118003711570934619_n.jpg\" alt=\"\"\/><\/figure>\n\n\n\n<figure class=\"wp-block-image\"><img src=\"http:\/\/sp1slupsk.pl\/wp-content\/uploads\/2020\/12\/129696228_291020075672882_1533267363783406222_n-1024x837.jpg\" alt=\"\"\/><\/figure>\n\n\n\n<figure class=\"wp-block-image\"><img src=\"http:\/\/sp1slupsk.pl\/wp-content\/uploads\/2020\/12\/129724228_2662993057334246_4187036138644184079_n-1024x768.jpg\" alt=\"\"\/><\/figure>\n\n\n\n<ul><li><\/li><li><\/li><li><\/li><li><\/li><\/ul>\n\n\n\n<hr class=\"wp-block-separator\"\/>\n\n\n\n<p>Wolontariat rok szkolny 2020-2021Pobierz<\/p>\n\n\n\n<p><em><strong>Aktualno\u015bci:<\/strong><\/em><\/p>\n\n\n\n<p>23 listopada odb\u0119dzie si\u0119 wirtualne spotkanie cz\u0142onk\u00f3w Wolontariatu.Je\u015bli chcesz do nas do\u0142\u0105czy\u0107- prosz\u0119 napisz w librusie do M.Grzebieniak (do dnia 20.11.20). Zapraszamy<\/p>\n","protected":false},"excerpt":{"rendered":"<p>Wolontariat rok szkolny 2020\/2021 AKCJA POMOC DLA FUNDACJI NA RZECZ ZWIERZ\u0104T SERCE NA \u0141APCE. Spo\u0142eczno\u015b\u0107 naszej szko\u0142y wykaza\u0142a si\u0119 wielkim sercem &#8211; zebrali\u015bmy kilkana\u015bcie kilogram\u00f3w karmy dla zwierz\u0105t oraz wykonali\u015bmy kilka przelew\u00f3w pieni\u0119\u017cnych na konto fundacji. POMAGAMY CHORYM NA COVID Wolontariusze i uczniowie naszej jedyneczki w\u0142\u0105czyli si\u0119 do akcji POMAGAMY CHORYM NA COVID. Dzi\u0119kujemy za <a href=\"https:\/\/sp1slupsk.pl\/?page_id=74338\"><b>&#8230;wi\u0119cej<\/b><\/a><\/p>\n","protected":false},"author":1,"featured_media":0,"parent":0,"menu_order":0,"comment_status":"closed","ping_status":"closed","template":"","meta":[],"_links":{"self":[{"href":"https:\/\/sp1slupsk.pl\/index.php?rest_route=\/wp\/v2\/pages\/74338"}],"collection":[{"href":"https:\/\/sp1slupsk.pl\/index.php?rest_route=\/wp\/v2\/pages"}],"about":[{"href":"https:\/\/sp1slupsk.pl\/index.php?rest_route=\/wp\/v2\/types\/page"}],"author":[{"embeddable":true,"href":"https:\/\/sp1slupsk.pl\/index.php?rest_route=\/wp\/v2\/users\/1"}],"replies":[{"embeddable":true,"href":"https:\/\/sp1slupsk.pl\/index.php?rest_route=%2Fwp%2Fv2%2Fcomments&post=74338"}],"version-history":[{"count":2,"href":"https:\/\/sp1slupsk.pl\/index.php?rest_route=\/wp\/v2\/pages\/74338\/revisions"}],"predecessor-version":[{"id":74344,"href":"https:\/\/sp1slupsk.pl\/index.php?rest_route=\/wp\/v2\/pages\/74338\/revisions\/74344"}],"wp:attachment":[{"href":"https:\/\/sp1slupsk.pl\/index.php?rest_route=%2Fwp%2Fv2%2Fmedia&parent=74338"}],"curies":[{"name":"wp","href":"https:\/\/api.w.org\/{rel}","templated":true}]}}