{"id":77769,"date":"2022-06-16T13:14:04","date_gmt":"2022-06-16T11:14:04","guid":{"rendered":"http:\/\/sp1slupsk.pl\/?page_id=77769"},"modified":"2022-06-16T13:17:32","modified_gmt":"2022-06-16T11:17:32","slug":"ponadnarodowa-mobilnosc-uczniow-2","status":"publish","type":"page","link":"https:\/\/sp1slupsk.pl\/?page_id=77769","title":{"rendered":"Ponadnarodowa mobilno\u015b\u0107 uczni\u00f3w"},"content":{"rendered":"\n<figure class=\"wp-block-image size-large\"><img loading=\"lazy\" width=\"1024\" height=\"132\" src=\"http:\/\/sp1slupsk.pl\/wp-content\/uploads\/2022\/06\/logo-europejskie-1024x132-1.png\" alt=\"\" class=\"wp-image-77773\" srcset=\"https:\/\/sp1slupsk.pl\/wp-content\/uploads\/2022\/06\/logo-europejskie-1024x132-1.png 1024w, https:\/\/sp1slupsk.pl\/wp-content\/uploads\/2022\/06\/logo-europejskie-1024x132-1-300x39.png 300w, https:\/\/sp1slupsk.pl\/wp-content\/uploads\/2022\/06\/logo-europejskie-1024x132-1-768x99.png 768w\" sizes=\"(max-width: 1024px) 100vw, 1024px\" \/><\/figure>\n\n\n\n<p><a href=\"http:\/\/sp1slupsk.pl\/?page_id=74133\" data-type=\"URL\" data-id=\"http:\/\/sp1slupsk.pl\/?page_id=74133\"><span class=\"has-inline-color has-black-color\">Ponadnarodowa mobilno\u015b\u0107 uczni\u00f3w &#8211; Rumunia<\/span><\/a><\/p>\n\n\n\n<p><a href=\"http:\/\/sp1slupsk.pl\/?page_id=77776\" data-type=\"URL\" data-id=\"http:\/\/sp1slupsk.pl\/?page_id=77776\"><span class=\"has-inline-color has-black-color\">Ponadnarodowa mobilno\u015b\u0107 uczni\u00f3w &#8211; W\u0142ochy<\/span><\/a><\/p>\n","protected":false},"excerpt":{"rendered":"<p>Ponadnarodowa mobilno\u015b\u0107 uczni\u00f3w &#8211; Rumunia Ponadnarodowa mobilno\u015b\u0107 uczni\u00f3w &#8211; W\u0142ochy<\/p>\n","protected":false},"author":1,"featured_media":0,"parent":0,"menu_order":0,"comment_status":"closed","ping_status":"closed","template":"","meta":[],"_links":{"self":[{"href":"https:\/\/sp1slupsk.pl\/index.php?rest_route=\/wp\/v2\/pages\/77769"}],"collection":[{"href":"https:\/\/sp1slupsk.pl\/index.php?rest_route=\/wp\/v2\/pages"}],"about":[{"href":"https:\/\/sp1slupsk.pl\/index.php?rest_route=\/wp\/v2\/types\/page"}],"author":[{"embeddable":true,"href":"https:\/\/sp1slupsk.pl\/index.php?rest_route=\/wp\/v2\/users\/1"}],"replies":[{"embeddable":true,"href":"https:\/\/sp1slupsk.pl\/index.php?rest_route=%2Fwp%2Fv2%2Fcomments&post=77769"}],"version-history":[{"count":5,"href":"https:\/\/sp1slupsk.pl\/index.php?rest_route=\/wp\/v2\/pages\/77769\/revisions"}],"predecessor-version":[{"id":77779,"href":"https:\/\/sp1slupsk.pl\/index.php?rest_route=\/wp\/v2\/pages\/77769\/revisions\/77779"}],"wp:attachment":[{"href":"https:\/\/sp1slupsk.pl\/index.php?rest_route=%2Fwp%2Fv2%2Fmedia&parent=77769"}],"curies":[{"name":"wp","href":"https:\/\/api.w.org\/{rel}","templated":true}]}}