{"id":77932,"date":"2025-09-01T21:18:27","date_gmt":"2025-09-01T19:18:27","guid":{"rendered":"http:\/\/sp1slupsk.pl\/?page_id=77932"},"modified":"2026-04-09T18:08:53","modified_gmt":"2026-04-09T16:08:53","slug":"psycholog-szkolny","status":"publish","type":"page","link":"https:\/\/sp1slupsk.pl\/?page_id=77932","title":{"rendered":"Psycholog szkolny"},"content":{"rendered":"\n<p class=\"has-text-align-center\"><strong>GODZINY PRACY PSYCHOLOGA SZKOLNEGO<br>W ROKU SZKOLNYM 2025\/2026:<\/strong><\/p>\n\n\n\n<p class=\"has-text-align-center\"><strong>mgr El\u017cbieta Wieliczko<\/strong><\/p>\n\n\n\n<figure class=\"wp-block-table aligncenter is-style-stripes\"><table><tbody><tr><td class=\"has-text-align-center\" data-align=\"center\"><strong>Poniedzia\u0142ek<\/strong><\/td><td class=\"has-text-align-center\" data-align=\"center\"><strong>7:30 &#8211; 11:30<\/strong><\/td><\/tr><tr><td class=\"has-text-align-center\" data-align=\"center\"><strong>Wtorek<\/strong><\/td><td class=\"has-text-align-center\" data-align=\"center\">&#8212;&#8212;&#8212;-<\/td><\/tr><tr><td class=\"has-text-align-center\" data-align=\"center\"><strong>\u015aroda<\/strong><\/td><td class=\"has-text-align-center\" data-align=\"center\"><strong>8:30 &#8211; 12:00<\/strong><\/td><\/tr><tr><td class=\"has-text-align-center\" data-align=\"center\"><strong>Czwartek<\/strong><\/td><td class=\"has-text-align-center\" data-align=\"center\"><strong>12:30 -16:00<\/strong><\/td><\/tr><tr><td class=\"has-text-align-center\" data-align=\"center\"><strong>Pi\u0105tek<\/strong> <\/td><td class=\"has-text-align-center\" data-align=\"center\"><strong>12:00 &#8211; 15:00<\/strong><\/td><\/tr><\/tbody><\/table><\/figure>\n","protected":false},"excerpt":{"rendered":"<p>GODZINY PRACY PSYCHOLOGA SZKOLNEGOW ROKU SZKOLNYM 2025\/2026: mgr El\u017cbieta Wieliczko Poniedzia\u0142ek 7:30 &#8211; 11:30 Wtorek &#8212;&#8212;&#8212;- \u015aroda 8:30 &#8211; 12:00 Czwartek 12:30 -16:00 Pi\u0105tek 12:00 &#8211; 15:00<\/p>\n","protected":false},"author":1,"featured_media":0,"parent":0,"menu_order":0,"comment_status":"closed","ping_status":"closed","template":"","meta":[],"_links":{"self":[{"href":"https:\/\/sp1slupsk.pl\/index.php?rest_route=\/wp\/v2\/pages\/77932"}],"collection":[{"href":"https:\/\/sp1slupsk.pl\/index.php?rest_route=\/wp\/v2\/pages"}],"about":[{"href":"https:\/\/sp1slupsk.pl\/index.php?rest_route=\/wp\/v2\/types\/page"}],"author":[{"embeddable":true,"href":"https:\/\/sp1slupsk.pl\/index.php?rest_route=\/wp\/v2\/users\/1"}],"replies":[{"embeddable":true,"href":"https:\/\/sp1slupsk.pl\/index.php?rest_route=%2Fwp%2Fv2%2Fcomments&post=77932"}],"version-history":[{"count":19,"href":"https:\/\/sp1slupsk.pl\/index.php?rest_route=\/wp\/v2\/pages\/77932\/revisions"}],"predecessor-version":[{"id":89477,"href":"https:\/\/sp1slupsk.pl\/index.php?rest_route=\/wp\/v2\/pages\/77932\/revisions\/89477"}],"wp:attachment":[{"href":"https:\/\/sp1slupsk.pl\/index.php?rest_route=%2Fwp%2Fv2%2Fmedia&parent=77932"}],"curies":[{"name":"wp","href":"https:\/\/api.w.org\/{rel}","templated":true}]}}