{"id":78543,"date":"2022-09-18T17:40:20","date_gmt":"2022-09-18T15:40:20","guid":{"rendered":"http:\/\/sp1slupsk.pl\/?page_id=78543"},"modified":"2022-09-18T17:40:20","modified_gmt":"2022-09-18T15:40:20","slug":"wolontariat-rok-szkolny-2021-2022-2","status":"publish","type":"page","link":"https:\/\/sp1slupsk.pl\/?page_id=78543","title":{"rendered":"Wolontariat rok szkolny 2021\/2022"},"content":{"rendered":"\n<div class=\"wp-block-file\"><a href=\"http:\/\/sp1slupsk.pl\/wp-content\/uploads\/2021\/10\/Wolontariat.doc\"><strong><span class=\"has-inline-color has-black-color\"><em>Plan pracy Szkolnego Ko\u0142a Wolontariatu Szko\u0142y <\/em><\/span><\/strong><em><span class=\"has-inline-color has-black-color\"><strong>Podstawowej nr 1 w S\u0142upsku<\/strong> <strong>w roku szkolnym 2021\/2022<\/strong><\/span><\/em><\/a><\/div>\n\n\n\n<hr class=\"wp-block-separator\"\/>\n\n\n\n<p>Szkolne Ko\u0142o Wolontariatu przekaza\u0142o koce i zabawki dla schroniska dla zwierz\u0105t.<\/p>\n\n\n\n\t\t\t\t\t<div class=\"gallery_box_single\">\n\t\t\t\t\t\t<p class=\"not_found\">Sorry, nothing found.<\/p>\n\t\t\t\t\t<\/div><!-- .gallery_box_single -->\n\t\t\t\t\t\t\t\t<script type=\"text\/javascript\">\n\t\t\t\t\t(function($) {\n\t\t\t\t\t\t$(document).ready( function() {\n\t\t\t\t\t\t\t$( \"a[rel=gallery_fancybox_]\" ).fancybox( {\n\t\t\t\t\t\t\t\t'transitionIn'\t\t:\t'elastic',\n\t\t\t\t\t\t\t\t'transitionOut'\t\t:\t'elastic',\n\t\t\t\t\t\t\t\t'titlePosition' \t:\t'inside',\n\t\t\t\t\t\t\t\t'speedIn'\t\t\t:\t500, \n\t\t\t\t\t\t\t\t'speedOut'\t\t\t:\t300,\n\t\t\t\t\t\t\t\t'titleFormat'\t\t:\tfunction( title, currentArray, currentIndex, currentOpts ) {\n\t\t\t\t\t\t\t\t\treturn '<div id=\"fancybox-title-inside\">' + ( title.length ? '<span id=\"bws_gallery_image_title\">' + title + '<\/span><br \/>' : '' ) + '<span id=\"bws_gallery_image_counter\">Image ' + ( currentIndex + 1 ) + ' \/ ' + currentArray.length + '<\/span><\/div>';\n\t\t\t\t\t\t\t\t}\t\t\t\t\t\t\t});\n\t\t\t\t\t\t});\n\t\t\t\t\t})(jQuery);\n\t\t\t\t<\/script>\n\t\t\t\n\n\n\n<hr class=\"wp-block-separator\"\/>\n\n\n\n<p>Szkolne Ko\u0142o Wolontariatu przekaza\u0142o kartki z \u017cyczeniami \u015bwi\u0105tecznymi i ksi\u0105\u017cki dla Dziennego Domu Pomocy w S\u0142upsku.<\/p>\n\n\n\n\t\t\t\t\t<div class=\"gallery_box_single\">\n\t\t\t\t\t\t<p class=\"not_found\">Sorry, nothing found.<\/p>\n\t\t\t\t\t<\/div><!-- .gallery_box_single -->\n\t\t\t\t\t\t\t\t<script type=\"text\/javascript\">\n\t\t\t\t\t(function($) {\n\t\t\t\t\t\t$(document).ready( function() {\n\t\t\t\t\t\t\t$( \"a[rel=gallery_fancybox_]\" ).fancybox( {\n\t\t\t\t\t\t\t\t'transitionIn'\t\t:\t'elastic',\n\t\t\t\t\t\t\t\t'transitionOut'\t\t:\t'elastic',\n\t\t\t\t\t\t\t\t'titlePosition' \t:\t'inside',\n\t\t\t\t\t\t\t\t'speedIn'\t\t\t:\t500, \n\t\t\t\t\t\t\t\t'speedOut'\t\t\t:\t300,\n\t\t\t\t\t\t\t\t'titleFormat'\t\t:\tfunction( title, currentArray, currentIndex, currentOpts ) {\n\t\t\t\t\t\t\t\t\treturn '<div id=\"fancybox-title-inside\">' + ( title.length ? '<span id=\"bws_gallery_image_title\">' + title + '<\/span><br \/>' : '' ) + '<span id=\"bws_gallery_image_counter\">Image ' + ( currentIndex + 1 ) + ' \/ ' + currentArray.length + '<\/span><\/div>';\n\t\t\t\t\t\t\t\t}\t\t\t\t\t\t\t});\n\t\t\t\t\t\t});\n\t\t\t\t\t})(jQuery);\n\t\t\t\t<\/script>\n\t\t\t\n\n\n\n<hr class=\"wp-block-separator\"\/>\n\n\n\n<p>Szkolne Ko\u0142o Wolontariatu wzi\u0119\u0142o udzia\u0142 w Og\u00f3lnopolskiej Akcji Charytatywnej \u201aPrezent pod Choink\u0119&#8217;. Wszystkie dary zosta\u0142y przekazane koordynatorowi akcji i trafi\u0105 do dzieci w szko\u0142ach, domach dziecka, \u015bwietlicach, szpitalach i ko\u015bcio\u0142ach na Ukrainie, Bia\u0142orusi i w Rumunii.<br>Dzi\u0119kujemy wszystkim, kt\u00f3rzy wzi\u0119li udzia\u0142 w akcji.<\/p>\n\n\n\n\t\t\t\t\t<div class=\"gallery_box_single\">\n\t\t\t\t\t\t<p class=\"not_found\">Sorry, nothing found.<\/p>\n\t\t\t\t\t<\/div><!-- .gallery_box_single -->\n\t\t\t\t\t\t\t\t<script type=\"text\/javascript\">\n\t\t\t\t\t(function($) {\n\t\t\t\t\t\t$(document).ready( function() {\n\t\t\t\t\t\t\t$( \"a[rel=gallery_fancybox_]\" ).fancybox( {\n\t\t\t\t\t\t\t\t'transitionIn'\t\t:\t'elastic',\n\t\t\t\t\t\t\t\t'transitionOut'\t\t:\t'elastic',\n\t\t\t\t\t\t\t\t'titlePosition' \t:\t'inside',\n\t\t\t\t\t\t\t\t'speedIn'\t\t\t:\t500, \n\t\t\t\t\t\t\t\t'speedOut'\t\t\t:\t300,\n\t\t\t\t\t\t\t\t'titleFormat'\t\t:\tfunction( title, currentArray, currentIndex, currentOpts ) {\n\t\t\t\t\t\t\t\t\treturn '<div id=\"fancybox-title-inside\">' + ( title.length ? '<span id=\"bws_gallery_image_title\">' + title + '<\/span><br \/>' : '' ) + '<span id=\"bws_gallery_image_counter\">Image ' + ( currentIndex + 1 ) + ' \/ ' + currentArray.length + '<\/span><\/div>';\n\t\t\t\t\t\t\t\t}\t\t\t\t\t\t\t});\n\t\t\t\t\t\t});\n\t\t\t\t\t})(jQuery);\n\t\t\t\t<\/script>\n\t\t\t\n\n\n\n<hr class=\"wp-block-separator\"\/>\n\n\n\n<p id=\"block-f8c376b5-985b-4a4b-8200-1fe57e6da7b5\"><strong>&#8222;Wi\u0119cej szcz\u0119\u015bcia jest w dawaniu ni\u017c w braniu&#8221;<\/strong><\/p>\n\n\n\n<p id=\"block-a304908b-a067-41dd-93dc-d269c1fbbde0\">Szkolne Ko\u0142o Wolontariatu w\u0142\u0105cza si\u0119 w Og\u00f3lnopolsk\u0105 Akcj\u0119 Charytatywn\u0105 zbi\u00f3rki dar\u00f3w dla dzieci z Ukrainy, Bia\u0142orusi i Rumunii. Dary w postaci (tylko nowych) zabawek, odzie\u017cy, s\u0142odyczy, artyku\u0142\u00f3w szkolnych i higienicznych mo\u017cna przynosi\u0107 do biblioteki szkolnej do 8 listopada 2021 r. Wszystkie zebrane dary trafi\u0105 do dzieci w szpitalach, \u015bwietlicach i domach dziecka. Zach\u0119camy do udzia\u0142u w akcji i ju\u017c teraz dzi\u0119kujemy za wsparcie.<\/p>\n\n\n\n<p id=\"block-a304908b-a067-41dd-93dc-d269c1fbbde0\">Opiekunowie wolontariatu M. \u017bebrowska J. Grzybowska<\/p>\n\n\n\n<figure class=\"wp-block-gallery columns-2 is-cropped\"><ul class=\"blocks-gallery-grid\"><li class=\"blocks-gallery-item\"><figure><img loading=\"lazy\" width=\"864\" height=\"640\" src=\"http:\/\/sp1slupsk.pl\/wp-content\/uploads\/2021\/10\/244526181_878657282789488_6783754407295662470_n-1-rotated.jpg\" alt=\"\" data-id=\"74291\" data-full-url=\"http:\/\/sp1slupsk.pl\/wp-content\/uploads\/2021\/10\/244526181_878657282789488_6783754407295662470_n-1-rotated.jpg\" data-link=\"http:\/\/sp1slupsk.pl\/?attachment_id=74291\" class=\"wp-image-74291\" srcset=\"https:\/\/sp1slupsk.pl\/wp-content\/uploads\/2021\/10\/244526181_878657282789488_6783754407295662470_n-1-rotated.jpg 864w, https:\/\/sp1slupsk.pl\/wp-content\/uploads\/2021\/10\/244526181_878657282789488_6783754407295662470_n-1-300x222.jpg 300w, https:\/\/sp1slupsk.pl\/wp-content\/uploads\/2021\/10\/244526181_878657282789488_6783754407295662470_n-1-768x569.jpg 768w, https:\/\/sp1slupsk.pl\/wp-content\/uploads\/2021\/10\/244526181_878657282789488_6783754407295662470_n-1-160x120.jpg 160w\" sizes=\"(max-width: 864px) 100vw, 864px\" \/><\/figure><\/li><li class=\"blocks-gallery-item\"><figure><img loading=\"lazy\" width=\"864\" height=\"640\" src=\"http:\/\/sp1slupsk.pl\/wp-content\/uploads\/2021\/10\/244534450_849731515724875_1164352046604194214_n-1-rotated.jpg\" alt=\"\" data-id=\"74292\" data-full-url=\"http:\/\/sp1slupsk.pl\/wp-content\/uploads\/2021\/10\/244534450_849731515724875_1164352046604194214_n-1-rotated.jpg\" data-link=\"http:\/\/sp1slupsk.pl\/?attachment_id=74292\" class=\"wp-image-74292\" srcset=\"https:\/\/sp1slupsk.pl\/wp-content\/uploads\/2021\/10\/244534450_849731515724875_1164352046604194214_n-1-rotated.jpg 864w, https:\/\/sp1slupsk.pl\/wp-content\/uploads\/2021\/10\/244534450_849731515724875_1164352046604194214_n-1-300x222.jpg 300w, https:\/\/sp1slupsk.pl\/wp-content\/uploads\/2021\/10\/244534450_849731515724875_1164352046604194214_n-1-768x569.jpg 768w, https:\/\/sp1slupsk.pl\/wp-content\/uploads\/2021\/10\/244534450_849731515724875_1164352046604194214_n-1-160x120.jpg 160w\" sizes=\"(max-width: 864px) 100vw, 864px\" \/><\/figure><\/li><\/ul><\/figure>\n","protected":false},"excerpt":{"rendered":"<p>Szkolne Ko\u0142o Wolontariatu przekaza\u0142o koce i zabawki dla schroniska dla zwierz\u0105t. Szkolne Ko\u0142o Wolontariatu przekaza\u0142o kartki z \u017cyczeniami \u015bwi\u0105tecznymi i ksi\u0105\u017cki dla Dziennego Domu Pomocy w S\u0142upsku. Szkolne Ko\u0142o Wolontariatu wzi\u0119\u0142o udzia\u0142 w Og\u00f3lnopolskiej Akcji Charytatywnej \u201aPrezent pod Choink\u0119&#8217;. Wszystkie dary zosta\u0142y przekazane koordynatorowi akcji i trafi\u0105 do dzieci w szko\u0142ach, domach dziecka, \u015bwietlicach, szpitalach <a href=\"https:\/\/sp1slupsk.pl\/?page_id=78543\"><b>&#8230;wi\u0119cej<\/b><\/a><\/p>\n","protected":false},"author":1,"featured_media":0,"parent":0,"menu_order":0,"comment_status":"closed","ping_status":"closed","template":"","meta":[],"_links":{"self":[{"href":"https:\/\/sp1slupsk.pl\/index.php?rest_route=\/wp\/v2\/pages\/78543"}],"collection":[{"href":"https:\/\/sp1slupsk.pl\/index.php?rest_route=\/wp\/v2\/pages"}],"about":[{"href":"https:\/\/sp1slupsk.pl\/index.php?rest_route=\/wp\/v2\/types\/page"}],"author":[{"embeddable":true,"href":"https:\/\/sp1slupsk.pl\/index.php?rest_route=\/wp\/v2\/users\/1"}],"replies":[{"embeddable":true,"href":"https:\/\/sp1slupsk.pl\/index.php?rest_route=%2Fwp%2Fv2%2Fcomments&post=78543"}],"version-history":[{"count":1,"href":"https:\/\/sp1slupsk.pl\/index.php?rest_route=\/wp\/v2\/pages\/78543\/revisions"}],"predecessor-version":[{"id":78544,"href":"https:\/\/sp1slupsk.pl\/index.php?rest_route=\/wp\/v2\/pages\/78543\/revisions\/78544"}],"wp:attachment":[{"href":"https:\/\/sp1slupsk.pl\/index.php?rest_route=%2Fwp%2Fv2%2Fmedia&parent=78543"}],"curies":[{"name":"wp","href":"https:\/\/api.w.org\/{rel}","templated":true}]}}