{"id":78848,"date":"2022-09-27T13:49:15","date_gmt":"2022-09-27T11:49:15","guid":{"rendered":"http:\/\/sp1slupsk.pl\/?page_id=78848"},"modified":"2023-06-01T11:14:09","modified_gmt":"2023-06-01T09:14:09","slug":"78848-2","status":"publish","type":"page","link":"https:\/\/sp1slupsk.pl\/?page_id=78848","title":{"rendered":"Konkursy pozaszkolne 2022\/2023"},"content":{"rendered":"\n<p class=\"has-text-align-center\"><strong>III miejsce &#8211; Dutlov Kiril\u00a0<\/strong>kl. IV b<br>w Mi\u0119dzyszkolnym Konkursie Matematycznym klas IV \u201eMISTRZ TABLICZKI MNO\u017bENIA\u201d<br>zorganizowanym przez Szko\u0142\u0119 Podstawow\u0105 nr 4 w S\u0142upsku<\/p>\n\n\n\n<p class=\"has-text-align-center\">***<\/p>\n\n\n\n<p class=\"has-text-align-center\"><strong>Laureat &#8211; Alan Jaro\u0107<\/strong> kl. 8c<br>w Mi\u0119dzyszkolnym Konkursie \u201eMem Lekturowy\u201d<br>zorganizowanym przez Szko\u0142\u0119 Podstawow\u0105 nr 5 w S\u0142upsku<\/p>\n\n\n\n<p class=\"has-text-align-center\">***<\/p>\n\n\n\n<p class=\"has-text-align-center\"><strong>Wyr\u00f3\u017cnienie &#8211; Natasza Lesiak<\/strong> &#8211; kl. 2b <br>w konkursie miejskim M\u00f3j Przyjaciel<br>zorganizowanym przez I Spo\u0142eczn\u0105 Szko\u0142\u0119 Podstawow\u0105 STO w S\u0142upsku<\/p>\n\n\n\n<p class=\"has-text-align-center\">***<\/p>\n\n\n\n<p class=\"has-text-align-center\"><strong>Wyr\u00f3\u017cnienie &#8211; Zuzanna Kucharska<\/strong> kl. 5b<br>w IV Wojew\u00f3dzkim Konkursie Fotograficznym ,,A to Polska w\u0142a\u015bnie \u2013 Polak w obiektywie&#8221;<br>zorganizowanym przez Szko\u0142\u0119 Podstawow\u0105 nr 1 w S\u0142upsku<\/p>\n\n\n\n<p class=\"has-text-align-center\">***<\/p>\n\n\n\n<p class=\"has-text-align-center\"><strong>Wyr\u00f3\u017cnienie<\/strong> &#8211; <strong>Andrzej Latasiewicz<\/strong> kl. 8b<br>w Mi\u0119dzyszkolnym Ekologicznym Konkursie Plastycznym &#8211; Prezent dla Ziemi wyr\u00f3\u017cnienie <br><strong>Laureatka &#8211; Katarzyna Adam\u00f3w <\/strong>kl. 8c<br>w Mi\u0119dzyszkolnym Konkursie Fotograficznym &#8211; Przyroda jest w mie\u015bcie<br>zorganizowanym przez Szko\u0142\u0119 Podstawow\u0105 nr 45 w Gda\u0144sku<\/p>\n\n\n\n<p class=\"has-text-align-center\">***<\/p>\n\n\n\n<p class=\"has-text-align-center\"><strong>Monika Rychert <\/strong>kl. 8a<br>uzyska\u0142a tytu\u0142 finalisty etapu wojew\u00f3dzkiego<br>Pomorskiej Ligi Zadaniowej z biologii dla uczni\u00f3w klas VII i VIII szko\u0142y podstawowej w roku szkolnym 2022\/2023<\/p>\n\n\n\n<p class=\"has-text-align-center\"><strong>***<\/strong><\/p>\n\n\n\n<p class=\"has-text-align-center\">Wyr\u00f3\u017cnieni:<br><strong>Filip Grzenkowicz<\/strong> kl. 3b <br><strong>Wojciech \u017bydzianowski<\/strong> kl. 5b <br><strong>Urszula Duras <\/strong>kl. 6a <br><strong>Zuzanna \u017bmuda<\/strong> kl. 6a <br><strong>Agata Parzych<\/strong> kl. 8b<br>w MI\u0118DZYNARODOWYM KONKURSIE MATEMATYCZNYM KANGUR 2023<\/p>\n\n\n\n<p class=\"has-text-align-center\">***<\/p>\n\n\n\n<p class=\"has-text-align-center\"> II miejsce &#8211; <strong>Antonina Rataj , Alicja Rusinowicz, Julian Homerda, Oskar Ejsmont<\/strong> z kl. 6b<br>w XLIV Og\u00f3lnopolskim Turnieju Bezpiecze\u0144stwa w Ruchu Drogowym<\/p>\n\n\n\n<p class=\"has-text-align-center\"><strong>***<\/strong><\/p>\n\n\n\n<p class=\"has-text-align-center\">II miejsce &#8211; <strong>Olaf Kurowski<\/strong> kl. 6b<br>w Og\u00f3lnopolskim Konkursie Plastycznym: \u201eS\u0142owa Tischnera\u201d <\/p>\n\n\n\n<p class=\"has-text-align-center\"><strong>***<\/strong><\/p>\n\n\n\n<p class=\"has-text-align-center\">Laureatka &#8211; <strong>Monika Rychert<\/strong> kl. 8a<br>Finalista &#8211; <strong>Jakub Leszczy\u0144ski <\/strong>kl. 8c<br>w XXVIII edycji Konkursu \u201eLosy \u017co\u0142nierza i dzieje or\u0119\u017ca polskiego w latach 1887-1922. O niepodleg\u0142o\u015b\u0107 i granice Rzeczypospolitej&#8221;<\/p>\n\n\n\n<p class=\"has-text-align-center\"><strong>***<\/strong><\/p>\n\n\n\n<p class=\"has-text-align-center\">I miejsce w kategorii klas IV &#8211;<strong> Piotr \u017burowski<\/strong> kl. 4a<br>w XXVIII Wojew\u00f3dzkim Konkursie Recytatorskim &#8222;Sacrum w literaturze polskiej&#8221;,<br>zorganizowanym przez Szko\u0142\u0119 Podstawow\u0105 nr 1 w S\u0142upsku<\/p>\n\n\n\n<p class=\"has-text-align-center\"><strong>***<\/strong><\/p>\n\n\n\n<p class=\"has-text-align-center\">Wyr\u00f3\u017cnienie &#8211; <strong>Darii Baran<\/strong>, kl. 5a<br>w Powiatowym Przegl\u0105dzie Piosenki Dzieci\u0119cej i M\u0142odzie\u017cowej &#8222;Idzie wiosna&#8221;<\/p>\n\n\n\n<p class=\"has-text-align-center\">***<\/p>\n\n\n\n<p class=\"has-text-align-center\">Wyr\u00f3\u017cnienie &#8211; <strong>Sabina \u0141achut<\/strong> kl. 5b <br>w\u00a0Og\u00f3lnopolskim Konkursie Plastycznym &#8222;\u0141ajba 2023&#8221;<br>zorganizowanym przez Szko\u0142\u0119 Podstawow\u0105 nr 9 w S\u0142upsku<\/p>\n\n\n\n<p class=\"has-text-align-center\"><strong>***<\/strong><\/p>\n\n\n\n<p class=\"has-text-align-center\"><strong>Laureaci: <\/strong><br><strong>Sofiia\u00a0S<\/strong>. kl.\u00a08a<br><strong>Weronika W<\/strong>. kl. 8c<br><strong>Michalina C<\/strong>. kl. 5a<br><strong>Damian B<\/strong>. kl. 4b<br><strong>Kiril D<\/strong>. kl.\u00a04b<br><strong>Marharyta D<\/strong>. kl. 4b<br><strong>Wiktoria B.<\/strong> kl. 4b<br><strong>Blanka S.<\/strong> kl. 4b<br>w \u00a0Og\u00f3lnopolskiej Kampanii Spo\u0142ecznej Zachowaj Trze\u017awy Umys\u0142<br>konkurs plastyczny pt. \u201eNie czas na nud\u0119\u201d<\/p>\n\n\n\n<p class=\"has-text-align-center\">***<\/p>\n\n\n\n<p class=\"has-text-align-center\">I miejsce &#8211; <strong>Nikola Stolarczyk<\/strong> kl. 5b<br> II miejsce &#8211; <strong>Nikodem Drabik-Miszuk<\/strong> kl. 2b<br>II miejsce &#8211; <strong>Olga To\u0144ska<\/strong> z klasy 6 a<br> wyr\u00f3\u017cnienie &#8211; <strong>Solomiia Bochkar<\/strong> kl. 2b<br>w I Powiatowym Konkursie Filozoficznym<br>w zorganizowanym przez Zesp\u00f3\u0142 Szkolno-Przedszkolnym w Redzikowie<\/p>\n\n\n\n<p class=\"has-text-align-center\">****<\/p>\n\n\n\n<p class=\"has-text-align-center\">I miejsce &#8211; laureat &#8211; <strong>Monika Rychert<\/strong> kl. 8a<br>etapu powiatowego Pomorskiej Ligi Zadaniowej Zdolni z Pomorza z przedmiotu biologia &#8211; konkursu dla uczni\u00f3w klas 7-8 szko\u0142y podstawowej wojew\u00f3dztwa pomorskiego w roku szkolnym 2022\/2023<\/p>\n\n\n\n<p class=\"has-text-align-center\">***<\/p>\n\n\n\n<p class=\"has-text-align-center\"><strong>Monika Rychert<\/strong> kl. 8a <br>zakwalifikowa\u0142a si\u0119 do etapu wojew\u00f3dzkiego Pomorskiej Ligi Zadaniowej Zdolni z Pomorza z przedmiotu biologia &#8211; konkursu dla uczni\u00f3w klas 7-8 szko\u0142y podstawowej wojew\u00f3dztwa pomorskiego w roku szkolnym 2022\/2023<\/p>\n\n\n\n<p class=\"has-text-align-center\">***<\/p>\n\n\n\n<p class=\"has-text-align-center\">I miejsce &#8211; <strong>Kuba Baran<\/strong> kl. 1a<br>w Og\u00f3lnopolskim Konkursie Fotograficznym <br>&#8222;Co s\u0142onko widzia\u0142o &#8211; konkurs inspirowany postaci\u0105 Marii Konopnickiej&#8221;<\/p>\n\n\n\n<p class=\"has-text-align-center\">***<\/p>\n\n\n\n<p class=\"has-text-align-center\"><strong>Jakub Leszczy\u0144ski<\/strong> kl. 8c<br><strong>Monika Rychert<\/strong> kl. 8a<br>zakwalifikowali si\u0119 do etapu ponadwojew\u00f3dzkiego XXVIII edycji Og\u00f3lnopolskiego Konkursu Historycznego im. majora Marka Gajewskiego Losy \u017co\u0142nierza i dzieje or\u0119\u017ca polskiego w latach 1887-1922. O niepodleg\u0142o\u015b\u0107 i granice Rzeczypospolitej<\/p>\n\n\n\n<p class=\"has-text-align-center\">***<br><strong>Antoni Radomski<\/strong> kl. 8c<br><strong>Jakub Leszczy\u0144ski<\/strong> kl. 8c<br><strong>Sebastian W\u0142odarczyk<\/strong> kl. 8c<br><strong>Monika Rychert<\/strong> kl. 8a<br><strong>Andrzej Latasiewicz<\/strong> kl. 8c<br>zakwalifikowani do etapu wojew\u00f3dzkiego XXVIII edycji Og\u00f3lnopolskiego Konkursu Historycznego im. majora Marka Gajewskiego Losy \u017co\u0142nierza i dzieje or\u0119\u017ca polskiego w latach 1887-1922. O niepodleg\u0142o\u015b\u0107 i granice Rzeczypospolitej<\/p>\n\n\n\n<p class=\"has-text-align-center\">***<\/p>\n\n\n\n<p class=\"has-text-align-center\">Kwalifikacja do wystawy:<br><strong>Zuzanna Kucharska<\/strong> kl. 5a<br><strong>Klaudia Kulikowska<\/strong> kl. 8c<br><strong>Andrzej Latasiewicz<\/strong> kl. 8b<br><strong>Milena Wi\u015bniewska<\/strong> kl. 5b<br><strong>Katarzyna Adam\u00f3w<\/strong> kl. 8c<br>w powiatowym biologicznym konkursie &#8222;Bior\u00f3\u017cnorodno\u015b\u0107 i Geor\u00f3\u017cnorodno\u015b\u0107 regionu \u015arodkowego Pomorza&#8221;<\/p>\n\n\n\n<p class=\"has-text-align-center\">***<br>wyr\u00f3\u017cnienie &#8211; <strong>Nina Kirko<\/strong> kl. 5a<br>wyr\u00f3\u017cnienie &#8211; <strong>Milena Butwin<\/strong> kl. 5a<br>kwalifikacja do wystawy &#8211; <strong>Amelia Jastrz\u0119bska<\/strong> kl. 6a<br>kwalifikacja do wystawy &#8211; <strong>Zuzanna Margas<\/strong> kl. 5a<br>w Wojew\u00f3dzkim Konkursie Plastycznym \u201eGdy Dorosn\u0119\u2026\u201d<br>zorganizowanym przez M\u0142odzie\u017cowy Dom Kultury w S\u0142upsku<\/p>\n\n\n\n<p class=\"has-text-align-center\">***<br><strong>Monika Rychert<\/strong> kl. 8a i <strong>Jakub Leszczy\u0144ski<\/strong> kl. 8c<br>zakwalifikowali si\u0119 do etapu powiatowego konkursu z biologii &#8211; Pomorskiej Ligi Zadaniowej z Pomorza<br>dla uczni\u00f3w szk\u00f3\u0142 podstawowych wojew\u00f3dztwa pomorskiego w roku szkolnym 2022\/2023<\/p>\n\n\n\n<p class=\"has-text-align-center\">***<\/p>\n\n\n\n<p class=\"has-text-align-center\"><strong>Monika Rychert<\/strong> kl. 8a<br>zakwalifikowana do etapu rejonowego Wojew\u00f3dzkiego Konkursu z J\u0119zyka Polskiego<\/p>\n\n\n\n<p class=\"has-text-align-center\">***<\/p>\n\n\n\n<p class=\"has-text-align-center\"><strong>Monika Rychert<\/strong> kl. 8a<br>zakwalifikowana do etapu rejonowego Wojew\u00f3dzkiego Konkursu z Biologii<\/p>\n\n\n\n<p class=\"has-text-align-center\">***<\/p>\n\n\n\n<p class=\"has-text-align-center\">II miejsce &#8211; <strong>Urszula Duras<\/strong> kl. 6a<br>(w kategorii szk\u00f3\u0142 podstawowych kl. V-VIII)<br>w konkursie plastycznym \u201eGrzyby \u2013 skarby natury z naszych las\u00f3w\u201d<br>zorganizowanym przez Nadle\u015bnictwo Warcino<\/p>\n","protected":false},"excerpt":{"rendered":"<p>III miejsce &#8211; Dutlov Kiril\u00a0kl. IV bw Mi\u0119dzyszkolnym Konkursie Matematycznym klas IV \u201eMISTRZ TABLICZKI MNO\u017bENIA\u201dzorganizowanym przez Szko\u0142\u0119 Podstawow\u0105 nr 4 w S\u0142upsku *** Laureat &#8211; Alan Jaro\u0107 kl. 8cw Mi\u0119dzyszkolnym Konkursie \u201eMem Lekturowy\u201dzorganizowanym przez Szko\u0142\u0119 Podstawow\u0105 nr 5 w S\u0142upsku *** Wyr\u00f3\u017cnienie &#8211; Natasza Lesiak &#8211; kl. 2b w konkursie miejskim M\u00f3j Przyjacielzorganizowanym przez I <a href=\"https:\/\/sp1slupsk.pl\/?page_id=78848\"><b>&#8230;wi\u0119cej<\/b><\/a><\/p>\n","protected":false},"author":1,"featured_media":0,"parent":0,"menu_order":0,"comment_status":"closed","ping_status":"closed","template":"","meta":[],"_links":{"self":[{"href":"https:\/\/sp1slupsk.pl\/index.php?rest_route=\/wp\/v2\/pages\/78848"}],"collection":[{"href":"https:\/\/sp1slupsk.pl\/index.php?rest_route=\/wp\/v2\/pages"}],"about":[{"href":"https:\/\/sp1slupsk.pl\/index.php?rest_route=\/wp\/v2\/types\/page"}],"author":[{"embeddable":true,"href":"https:\/\/sp1slupsk.pl\/index.php?rest_route=\/wp\/v2\/users\/1"}],"replies":[{"embeddable":true,"href":"https:\/\/sp1slupsk.pl\/index.php?rest_route=%2Fwp%2Fv2%2Fcomments&post=78848"}],"version-history":[{"count":43,"href":"https:\/\/sp1slupsk.pl\/index.php?rest_route=\/wp\/v2\/pages\/78848\/revisions"}],"predecessor-version":[{"id":82770,"href":"https:\/\/sp1slupsk.pl\/index.php?rest_route=\/wp\/v2\/pages\/78848\/revisions\/82770"}],"wp:attachment":[{"href":"https:\/\/sp1slupsk.pl\/index.php?rest_route=%2Fwp%2Fv2%2Fmedia&parent=78848"}],"curies":[{"name":"wp","href":"https:\/\/api.w.org\/{rel}","templated":true}]}}