{"id":78852,"date":"2022-09-27T13:52:24","date_gmt":"2022-09-27T11:52:24","guid":{"rendered":"http:\/\/sp1slupsk.pl\/?page_id=78852"},"modified":"2023-06-19T07:44:29","modified_gmt":"2023-06-19T05:44:29","slug":"konkursy-szkolne-2022-2023","status":"publish","type":"page","link":"https:\/\/sp1slupsk.pl\/?page_id=78852","title":{"rendered":"Konkursy szkolne 2022\/2023"},"content":{"rendered":"\n<p><strong>Szkolny Konkurs Plastyczny &#8222;Bezpieczne wakacje&#8221;<\/strong><br><br>I miejsce &#8211; Tatiana Ziemienowicz kl. 3a<br>II miejsce &#8211; Iga Czeka\u0142a kl. 2a<br>III miejsce &#8211; Filip Grzenkowicz kl. 3b<br>wyr\u00f3\u017cnienia &#8211; Emilka Nowatka kl. 3b, Kamil Adamczyk kl. 3b, Danylo Starkow kl. 2a<\/p>\n\n\n\n<p><strong>Konkurs Plastyczny &#8222;Ozdoba Wielkanocna&#8221; klas I \u2013 III:<\/strong><\/p>\n\n\n\n<p>I miejsce &#8211; Ex aequo &#8211; Micha\u0142 Borkowski kl. 1a, Nadia Mi\u0105zek kl. 1a<br>II miejsce &#8211; Ex aequo &#8211; Danilo Starkov kl. 2 a, Kuba Baran kl. 1a<br>III miejsce &#8211; Ex aequo &#8211; Filip Homerda kl. 2 a, Nikodem Drabik-Miszuk kl. 2 b<br>wyr\u00f3\u017cnienia &#8211; Julia Grela kl. 2b, Jagoda Sujka kl. 1a, Nadia Pietras kl. 2a, Natasza Lesiak kl. 2b, Oliwier Kott kl. 1b<\/p>\n\n\n\n<p><strong>Szkolny konkurs plastyczny &#8222;Zdrowie dla wszystkich&#8221;<\/strong><\/p>\n\n\n\n<p>I miejsce &#8211; Adrian Formella kl. 5b<br>II miejsce &#8211; Milena Butwin kl. 5a<br>III miejsce &#8211; Liliana Smys\u0142o kl. 5a<br>Wyr\u00f3\u017cnienie &#8211; Michalina Kr\u00f3l kl. 8c<\/p>\n\n\n\n<p><strong>Szkolny Konkurs Ortograficzny o tytu\u0142 POGROMCY BYK\u00d3W<\/strong><\/p>\n\n\n\n<p>I miejsce ex aequo: Milena Butwin z kl.5a Maciej Chomicz z kl.8c<br>II miejsce: Weronika Wutke z kl.8c <br>III miejsce ex aequo: Blanka Polak z kl. 6a  Laura Abakanowicz z kl. 8c WYR\u00d3\u017bNIENIA: Klaudia Kulikowska z kl. 8c Natan Labuda z kl. 8c<\/p>\n\n\n\n<p><strong>Konkurs &#8222;A letter to Santa Claus&#8221;<\/strong><\/p>\n\n\n\n<p>I miejsce &#8211; Alicja B\u0105bel kl. 3a<br>II miejsce &#8211; Iga Czeka\u0142a kl. 2a<br>III miejsce &#8211; Zuzanna Madej kl. 3a<br>Wyr\u00f3\u017cnienia: Weronika \u017byszkowska kl. 1a, Jan Choroba kl. 3b, Kornelia Domaracka kl. 3a<\/p>\n\n\n\n<p><strong>Konkurs na Najpi\u0119kniejsz\u0105 Kartk\u0119 Bo\u017conarodzeniow\u0105<\/strong><\/p>\n\n\n\n<p>Laureatka &#8211; Maja Rajnert kl. 3b<br>II miejsce &#8211; Ksawery Gajdul kl. 1a<br>III miejsce- Kuba Baran kl. 1a<\/p>\n\n\n\n<p><strong>Konkurs MATEMATYKA W NAWIGACJI w ramach projektu MATEMATYCZNE PRZYGODY NA MORZACH EUROPY-Fundacja mBanku:<\/strong><\/p>\n\n\n\n<p>I miejsce &#8211; AMELIA JASTRZ\u0118BSKA kl. 6a<br>II miejsce &#8211; SABINA \u0141ACHUT kl. 5b<br>III miejsce &#8211; WIKTORIA KAWALEC kl. 5b<\/p>\n\n\n\n<p>WYR\u00d3\u017bNIENIA:<br>MATEUSZ MASZOTA kl. 6b<br>JULIA \u015aWIENTORECKA kl. 5b<br>URSZULA DURAS kl. 6a<\/p>\n\n\n\n<p><strong>Szkolny konkurs plastyczny o tematyce AIDS dla klas 4 &#8211; 8<\/strong><\/p>\n\n\n\n<p>I miejsce &#8211; Zuzanna Kucharska klasa 5a<br>II miejsce &#8211; Andrzej Latasiewicz klasa 8b<br>III miejsce &#8211; Adrian Formella klasa 5b<\/p>\n\n\n\n<p><strong>\u201eKolorowa jesie\u0144\u201d &#8211; konkurs plastyczny<\/strong><\/p>\n\n\n\n<p>I miejsce \u2013 Natasza Lesiak \u2013 klasa II b<br>II miejsce \u2013 Zuzanna Madej \u2013 klasa III a<br>III miejsce \u2013 Emilia Nowatka \u2013 klasa III b<br>Wyr\u00f3\u017cnienie \u2013 Jagoda Sujka \u2013 klasa I a<br>Wyr\u00f3\u017cnienie \u2013 Nadia Mi\u0105zek \u2013 klasa I a<\/p>\n\n\n\n<p><strong>\u201eMoje wspomnienia z wakacji\u201d &#8211; konkurs plastyczny<\/strong><\/p>\n\n\n\n<p>I miejsce \u2013 Jagoda Sujka I a<br>II miejsce \u2013 Kuba Baran I a<br>III miejsce &#8211; Nadia Pietras II a<\/p>\n","protected":false},"excerpt":{"rendered":"<p>Szkolny Konkurs Plastyczny &#8222;Bezpieczne wakacje&#8221; I miejsce &#8211; Tatiana Ziemienowicz kl. 3aII miejsce &#8211; Iga Czeka\u0142a kl. 2aIII miejsce &#8211; Filip Grzenkowicz kl. 3bwyr\u00f3\u017cnienia &#8211; Emilka Nowatka kl. 3b, Kamil Adamczyk kl. 3b, Danylo Starkow kl. 2a Konkurs Plastyczny &#8222;Ozdoba Wielkanocna&#8221; klas I \u2013 III: I miejsce &#8211; Ex aequo &#8211; Micha\u0142 Borkowski kl. 1a, <a href=\"https:\/\/sp1slupsk.pl\/?page_id=78852\"><b>&#8230;wi\u0119cej<\/b><\/a><\/p>\n","protected":false},"author":1,"featured_media":0,"parent":0,"menu_order":0,"comment_status":"closed","ping_status":"closed","template":"","meta":[],"_links":{"self":[{"href":"https:\/\/sp1slupsk.pl\/index.php?rest_route=\/wp\/v2\/pages\/78852"}],"collection":[{"href":"https:\/\/sp1slupsk.pl\/index.php?rest_route=\/wp\/v2\/pages"}],"about":[{"href":"https:\/\/sp1slupsk.pl\/index.php?rest_route=\/wp\/v2\/types\/page"}],"author":[{"embeddable":true,"href":"https:\/\/sp1slupsk.pl\/index.php?rest_route=\/wp\/v2\/users\/1"}],"replies":[{"embeddable":true,"href":"https:\/\/sp1slupsk.pl\/index.php?rest_route=%2Fwp%2Fv2%2Fcomments&post=78852"}],"version-history":[{"count":15,"href":"https:\/\/sp1slupsk.pl\/index.php?rest_route=\/wp\/v2\/pages\/78852\/revisions"}],"predecessor-version":[{"id":82853,"href":"https:\/\/sp1slupsk.pl\/index.php?rest_route=\/wp\/v2\/pages\/78852\/revisions\/82853"}],"wp:attachment":[{"href":"https:\/\/sp1slupsk.pl\/index.php?rest_route=%2Fwp%2Fv2%2Fmedia&parent=78852"}],"curies":[{"name":"wp","href":"https:\/\/api.w.org\/{rel}","templated":true}]}}