{"id":89557,"date":"2025-09-28T20:08:42","date_gmt":"2025-09-28T18:08:42","guid":{"rendered":"http:\/\/sp1slupsk.pl\/?page_id=89557"},"modified":"2026-04-23T20:15:49","modified_gmt":"2026-04-23T18:15:49","slug":"89557-2","status":"publish","type":"page","link":"https:\/\/sp1slupsk.pl\/?page_id=89557","title":{"rendered":"Konkursy pozaszkolne 2025\/2026"},"content":{"rendered":"\n<p class=\"has-text-align-center\">I miejsce (dru\u017cynowo) &#8211; Iga Czeka\u0142a kl. 5a, Karolina Szymanowska kl. 5a, Nikodem Drabik-Miszuk kl. 5b, Andriy Kolesnyk kl. 6a<br>Najlepszy wynik w kategorii indywidualnej &#8211; Nikodem Drabik-Miszuk kl. 5b<br>w Eliminacjach Powiatowych dla Szk\u00f3\u0142 Podstawowych Miasta S\u0142upska w Konkursie Bezpiecze\u0144stwa w Ruchu Drogowym (BRD- edycja 2026)<\/p>\n\n\n\n<p class=\"has-text-align-center\">***<br>Wyr\u00f3\u017cnienie &#8211; Zuzanna Szwugier kl. 6b <br>w XXVII Og\u00f3lnopolskim Konkursie Plastycznym \u0141AJBA 2026<br>zorganizowanym przez Szko\u0142\u0119 Podstawow\u0105 nr 9 w S\u0142upsku<\/p>\n\n\n\n<p class=\"has-text-align-center\">***<\/p>\n\n\n\n<p class=\"has-text-align-center\">I miejsce &#8211; Iga Czeka\u0142a i Nadia Pietras kl. 5a<br>w Mi\u0119dzyszkolnym Konkursie Matematyczno- Informatycznym klas V pn.: &#8222;Rusz g\u0142ow\u0105&#8221;, <br>zorganizowanym przez Szko\u0142\u0119 Podstawow\u0105 nr 6 w S\u0142upsku<\/p>\n\n\n\n<p class=\"has-text-align-center\">***<\/p>\n\n\n\n<p class=\"has-text-align-center\">Wyr\u00f3\u017cnienie &#8211; Zuzanna Kucharska z kl. 8a, Karina Szczepa\u0144ska z kl. 8b oraz Milena Wi\u015bniewska z kl.8b<br>w VII Mi\u0119dzynarodowym Konkursie Literackiej Tw\u00f3rczo\u015bci M\u0142odzie\u017cy Witkacy &#8222;Napisane dzisiaj&#8221;<\/p>\n\n\n\n<p class=\"has-text-align-center\">***<\/p>\n\n\n\n<p class=\"has-text-align-center\">III miejsce &#8211; Lena Gudziecka z kl. 8a  <br>w X Powiatowym Konkursie Recytatorskim i Poezji \u015apiewanej &#8222;Podr\u00f3\u017ce z Herbertem&#8221;- kategoria poezja \u015bpiewana<\/p>\n\n\n\n<p class=\"has-text-align-center\">***<\/p>\n\n\n\n<p class=\"has-text-align-center\">Laureatka &#8211; Milena Buttwin kl. 8a<br>Finali\u015bci &#8211; Michalina Czerwi\u0144ska kl. 8a, Franciszek Jab\u0142o\u0144ski kl. 7a<br>w XXXI edycji Og\u00f3lnopolskiego Konkursu &#8222;Losy \u017co\u0142nierza i dzieje or\u0119\u017ca polskiego w latach 972-1514. Od Cedyni do Orszy&#8221;<\/p>\n\n\n\n<p class=\"has-text-align-center\">***<\/p>\n\n\n\n<p class=\"has-text-align-center\">III miejsce &#8211; Oliwier St\u0119pie\u0144 kl. 4a<br>w Miejski Konkursie Ortograficznym &#8222;Morskie potyczki ortograficzne&#8221;,<br>zorganizowanym przez Szko\u0142\u0119 Podstawow\u0105 nr 9 w S\u0142upsku<\/p>\n\n\n\n<p class=\"has-text-align-center\">***<\/p>\n\n\n\n<p class=\"has-text-align-center\">II miejsce &#8211; Alicja Zi\u0119tara kl. 8a  <br>w Mi\u0119dzyszkolnym Konkursie J\u0119zyka Angielskiego ,,To be or not to be\u201d. <\/p>\n\n\n\n<p class=\"has-text-align-center\">***<\/p>\n\n\n\n<p class=\"has-text-align-center\">Nagroda g\u0142\u00f3wna:<br>za prac\u0119 plastyczn\u0105 &#8211; &nbsp;Lena Dziuba-Bagrzyj kl. 7b<br>za prac\u0119 literack\u0105 &#8211; Patryk Michalik kl 5b<br>za prac\u0119 literack\u0105 Zuzanna Kucharska kl.8a<\/p>\n\n\n\n<p class=\"has-text-align-center\">Wyr\u00f3\u017cnienia: <br>Liliana Sys\u0142o kl 8a, Milena Butwin, kl. 8a, Zuzanna Margas kl. 8a oraz Nikodem Drabik-Miszuk kl 5b<br>w ramach og\u00f3lnopolskiej kampanii promuj\u0105cej zdrowy styl \u017cycia i profilaktyk\u0119 uzale\u017cnie\u0144 za prace literacko-plastyczne pt. \u201eM\u00f3j Trze\u017awy Umys\u0142\u201d.<\/p>\n\n\n\n<p class=\"has-text-align-center\">***<\/p>\n\n\n\n<p class=\"has-text-align-center\">Laureaci &#8211; Zuzanna Kucharska, kl. 8a, Patryk Michalik kl. 5b, Lena Bagrzyj- Dziuba kl. 7b, Nikodem Drabik- Miszuk kl. 5b, Milena Butwin kl. 8a, Liliana Sys\u0142o kl. 8a oraz Zuzanna Margas kl. 8a. <br>w Og\u00f3lnopolskim konkursie literacko-plastycznym &#8222;Tw\u00f3j trze\u017awy umys\u0142&#8221;<\/p>\n\n\n\n<p class=\"has-text-align-center\">***<\/p>\n\n\n\n<p class=\"has-text-align-center\">II miejsce (recytuj\u0105c poezj\u0119 w j.niemieckim) &#8211; Nell Gruss kl 6b <br>II miejsce (recytuj\u0105c poezj\u0119 w j.angielskim) &#8211; Piotr \u017burowski kl. 7a<br>w Wojew\u00f3dzkim Konkursie Recytatorskim Obcoj\u0119zycznej Poezji Mi\u0142osnej<br>zorganizowanym przez Szko\u0142\u0119 Podstawow\u0105 w Kobylnicy<\/p>\n\n\n\n<p class=\"has-text-align-center\">***<\/p>\n\n\n\n<p class=\"has-text-align-center\">Grupa m\u0142odsza: <br>I miejsce &#8211; Marek Radawiec kl. 3a<br>III miejsce &#8211; Ernest Obia\u0142a kl. 1a<br>Grupa starsza: <br>II miejsce &#8211; Piotr \u017burowski kl. 7a<br>III miejsce &#8211; Natasza Ziemienowicz kl. 6a<br>w II Mi\u0119dzyszkolnym Miniturnieju Szachowym<br>zorganizowanym przez Szko\u0142\u0119 Podstawow\u0105 nr 9 w S\u0142upsku<\/p>\n\n\n\n<p class=\"has-text-align-center\">***<\/p>\n\n\n\n<p class=\"has-text-align-center\">II miejsce &#8211; Milena, Butwin, Michalina Czerwi\u0144sk\u0105 i Liliana Sys\u0142o kl. 8a<br>w Mi\u0119dzyszkolnym Konkursie Historycznym &#8222;Poczet kr\u00f3l\u00f3w i ksi\u0105\u017c\u0105t polskich &#8211; edycja XXIII &#8211; Jagiellonowie&#8221;<\/p>\n\n\n\n<p class=\"has-text-align-center\">***<\/p>\n\n\n\n<p class=\"has-text-align-center\">III miejsce &#8211; Natasza Lesiak kl. 5b<br>w Wojew\u00f3dzkim Konkursie Fotograficznym &#8222;Ksi\u0105\u017cka na feriach&#8221;,<br>zorganizowanym przez Pomorsk\u0105 Bibliotek\u0119 Pedagogiczn\u0105 w Gda\u0144sku.<\/p>\n\n\n\n<p class=\"has-text-align-center\">***<\/p>\n\n\n\n<p class=\"has-text-align-center\">III miejsce &#8211;  Mariia Koval kl. 3a<br>w II Mi\u0119dzyszkolnym konkursie plastycznym &#8222;Jesienne drzewo&#8221;<br>zorganizowanym przez Szko\u0142\u0119 Podstawowa nr 1 w S\u0142upsku<\/p>\n\n\n\n<p class=\"has-text-align-center\">***<\/p>\n\n\n\n<p class=\"has-text-align-center\">wyr\u00f3\u017cnienie &#8211; Aleksandra Maszota kl. 3b<br>w IX Mi\u0119dzyszkolnym konkursie logopedyczno- plastycznym &#8222;Jedno s\u0142owo- kilka znacze\u0144&#8221;<br>zorganizowanym przez Szko\u0142\u0119 Podstawowa nr 10 w S\u0142upsku<\/p>\n\n\n\n<p class=\"has-text-align-center\"><strong>***<\/strong><\/p>\n\n\n\n<p class=\"has-text-align-center\">III miejsca &#8211; Jerzy Patyna kl. 2a w kategorii klas 0-3<br>III miejsce &#8211; Nadia Pietras kl. 5a w kategorii klas 4-8<br>w Mi\u0119dzyszkolnym Konkursie Plastycznym pn.: &#8222;Pierwsz\u0105 pomoc znamy, super moce mamy &#8211; Reaguj\u0119 = Ratuj\u0119&#8221;,<br>zorganizowanym przez Szko\u0142\u0119 Podstawow\u0105 nr 6 w S\u0142upsku<\/p>\n","protected":false},"excerpt":{"rendered":"<p>I miejsce (dru\u017cynowo) &#8211; Iga Czeka\u0142a kl. 5a, Karolina Szymanowska kl. 5a, Nikodem Drabik-Miszuk kl. 5b, Andriy Kolesnyk kl. 6aNajlepszy wynik w kategorii indywidualnej &#8211; Nikodem Drabik-Miszuk kl. 5bw Eliminacjach Powiatowych dla Szk\u00f3\u0142 Podstawowych Miasta S\u0142upska w Konkursie Bezpiecze\u0144stwa w Ruchu Drogowym (BRD- edycja 2026) ***Wyr\u00f3\u017cnienie &#8211; Zuzanna Szwugier kl. 6b w XXVII Og\u00f3lnopolskim Konkursie <a href=\"https:\/\/sp1slupsk.pl\/?page_id=89557\"><b>&#8230;wi\u0119cej<\/b><\/a><\/p>\n","protected":false},"author":1,"featured_media":0,"parent":0,"menu_order":0,"comment_status":"closed","ping_status":"closed","template":"","meta":[],"_links":{"self":[{"href":"https:\/\/sp1slupsk.pl\/index.php?rest_route=\/wp\/v2\/pages\/89557"}],"collection":[{"href":"https:\/\/sp1slupsk.pl\/index.php?rest_route=\/wp\/v2\/pages"}],"about":[{"href":"https:\/\/sp1slupsk.pl\/index.php?rest_route=\/wp\/v2\/types\/page"}],"author":[{"embeddable":true,"href":"https:\/\/sp1slupsk.pl\/index.php?rest_route=\/wp\/v2\/users\/1"}],"replies":[{"embeddable":true,"href":"https:\/\/sp1slupsk.pl\/index.php?rest_route=%2Fwp%2Fv2%2Fcomments&post=89557"}],"version-history":[{"count":19,"href":"https:\/\/sp1slupsk.pl\/index.php?rest_route=\/wp\/v2\/pages\/89557\/revisions"}],"predecessor-version":[{"id":91245,"href":"https:\/\/sp1slupsk.pl\/index.php?rest_route=\/wp\/v2\/pages\/89557\/revisions\/91245"}],"wp:attachment":[{"href":"https:\/\/sp1slupsk.pl\/index.php?rest_route=%2Fwp%2Fv2%2Fmedia&parent=89557"}],"curies":[{"name":"wp","href":"https:\/\/api.w.org\/{rel}","templated":true}]}}